{"id":2651,"date":"2023-07-13T12:09:51","date_gmt":"2023-07-13T12:09:51","guid":{"rendered":"https:\/\/ecomuseu-corvo.cultura.azores.gov.pt\/?post_type=tribe_events&#038;p=2651"},"modified":"2023-10-10T15:05:47","modified_gmt":"2023-10-10T15:05:47","slug":"dia-aberto-dos-moinhos","status":"publish","type":"tribe_events","link":"https:\/\/ecomuseu-corvo.cultura.azores.gov.pt\/en\/evento\/dia-aberto-dos-moinhos\/","title":{"rendered":"Dia Aberto dos Moinhos"},"content":{"rendered":"<p>O Ecomuseu do Corvo ir\u00e1 promover, pelo terceiro ano consecutivo, o Dia Aberto dos Moinhos, sob o mote &#8220;Moinhos que guardam Mem\u00f3rias&#8221;. Esta atividade ir\u00e1 decorrer no pr\u00f3ximo dia 15 de julho, a partir das 14h30, junto aos moinhos de vento.<br \/>\nOs moinhos de vento, tal como as eiras e a atafona do &#8220;Louren\u00e7o&#8221;, s\u00e3o testemunhos constru\u00eddos de um passado n\u00e3o muito long\u00ednquo, em que os cereais eram a base da alimenta\u00e7\u00e3o e o trigo era a moeda que saldava os pesados impostos a que a comunidade corvina esteve sujeita.<br \/>\nNeste dia pretende-se dar vida a este patrim\u00f3nio, chamar a aten\u00e7\u00e3o para o inestim\u00e1vel valor patrimonial dos moinhos tradicionais, valorizar as mem\u00f3rias e as tradi\u00e7\u00f5es a eles associadas, garantindo a sua salvaguarda e, em simult\u00e2neo, criar processos educativos e de capacita\u00e7\u00e3o da comunidade.<br \/>\nPretende-se, assim, promover um dia aberto dos moinhos de vento, em que se prev\u00ea a abertura ao p\u00fablico dos tr\u00eas moinhos de vento que v\u00e3o estar a funcionar em fases distintas do seu processo de funcionamento. Com esta atividade visa-se dar a conhecer \u00e0 comunidade, principalmente aos mais jovens, todo o processo de moagem, desde a montagem das velas, ao rodar da carapu\u00e7a e \u00e0 sua fixa\u00e7\u00e3o, a moagem propriamente dita, a travagem e controlo do gr\u00e3o da moagem, culminando no ensacar da farinha, pesagem e pagamento ao moleiro.<br \/>\nPara tal contaremos com a colabora\u00e7\u00e3o dos seus propriet\u00e1rios e dos anci\u00e3os, testemunhos vivos desta atividade, que assumir\u00e3o o papel de guias int\u00e9rpretes.<br \/>\nEm simult\u00e2neo, decorrer\u00e1 uma exposi\u00e7\u00e3o de r\u00e9plicas em miniatura de moinhos, atafonas e eiras; uma mostra artesanal, desenvolvida em parceria com os artes\u00e3os locais e o CADA (Centro de Artesanato e Design dos A\u00e7ores); jogos do patrim\u00f3nio e desafios do &#8220;Falar Corvino&#8221;, bem como outras recria\u00e7\u00f5es.<br \/>\nEsta atividade conta tamb\u00e9m com o apoio dos servi\u00e7os de ilha da Secretaria Regional do Turismo, Mobilidade e Infraestruturas e da Secretaria Regional do Ambiente e Altera\u00e7\u00f5es Clim\u00e1ticas.<\/p>","protected":false},"excerpt":{"rendered":"<p>O Ecomuseu do Corvo ir\u00e1 promover, pelo terceiro ano consecutivo, o Dia Aberto dos Moinhos, sob o mote &#8220;Moinhos que guardam Mem\u00f3rias&#8221;. Esta atividade ir\u00e1 decorrer no pr\u00f3ximo dia 15 [&hellip;]<\/p>\n","protected":false},"author":3,"featured_media":2652,"template":"","meta":{"_tribe_events_status":"","_tribe_events_status_reason":"","footnotes":""},"tags":[],"tribe_events_cat":[23],"class_list":["post-2651","tribe_events","type-tribe_events","status-publish","has-post-thumbnail","hentry","tribe_events_cat-exposicoes","cat_exposicoes"],"_links":{"self":[{"href":"https:\/\/ecomuseu-corvo.cultura.azores.gov.pt\/en\/wp-json\/wp\/v2\/tribe_events\/2651","targetHints":{"allow":["GET"]}}],"collection":[{"href":"https:\/\/ecomuseu-corvo.cultura.azores.gov.pt\/en\/wp-json\/wp\/v2\/tribe_events"}],"about":[{"href":"https:\/\/ecomuseu-corvo.cultura.azores.gov.pt\/en\/wp-json\/wp\/v2\/types\/tribe_events"}],"author":[{"embeddable":true,"href":"https:\/\/ecomuseu-corvo.cultura.azores.gov.pt\/en\/wp-json\/wp\/v2\/users\/3"}],"version-history":[{"count":1,"href":"https:\/\/ecomuseu-corvo.cultura.azores.gov.pt\/en\/wp-json\/wp\/v2\/tribe_events\/2651\/revisions"}],"predecessor-version":[{"id":2653,"href":"https:\/\/ecomuseu-corvo.cultura.azores.gov.pt\/en\/wp-json\/wp\/v2\/tribe_events\/2651\/revisions\/2653"}],"wp:featuredmedia":[{"embeddable":true,"href":"https:\/\/ecomuseu-corvo.cultura.azores.gov.pt\/en\/wp-json\/wp\/v2\/media\/2652"}],"wp:attachment":[{"href":"https:\/\/ecomuseu-corvo.cultura.azores.gov.pt\/en\/wp-json\/wp\/v2\/media?parent=2651"}],"wp:term":[{"taxonomy":"post_tag","embeddable":true,"href":"https:\/\/ecomuseu-corvo.cultura.azores.gov.pt\/en\/wp-json\/wp\/v2\/tags?post=2651"},{"taxonomy":"tribe_events_cat","embeddable":true,"href":"https:\/\/ecomuseu-corvo.cultura.azores.gov.pt\/en\/wp-json\/wp\/v2\/tribe_events_cat?post=2651"}],"curies":[{"name":"wp","href":"https:\/\/api.w.org\/{rel}","templated":true}]}}

<p>O Ecomuseu do Corvo irá promover, pelo terceiro ano consecutivo, o Dia Aberto dos Moinhos, sob o mote &#8220;Moinhos que guardam Memórias&#8221;. Esta atividade irá decorrer no próximo dia 15 de julho, a partir das 14h30, junto aos moinhos de vento.<br />
Os moinhos de vento, tal como as eiras e a atafona do &#8220;Lourenço&#8221;, são testemunhos construídos de um passado não muito longínquo, em que os cereais eram a base da alimentação e o trigo era a moeda que saldava os pesados impostos a que a comunidade corvina esteve sujeita.<br />
Neste dia pretende-se dar vida a este património, chamar a atenção para o inestimável valor patrimonial dos moinhos tradicionais, valorizar as memórias e as tradições a eles associadas, garantindo a sua salvaguarda e, em simultâneo, criar processos educativos e de capacitação da comunidade.<br />
Pretende-se, assim, promover um dia aberto dos moinhos de vento, em que se prevê a abertura ao público dos três moinhos de vento que vão estar a funcionar em fases distintas do seu processo de funcionamento. Com esta atividade visa-se dar a conhecer à comunidade, principalmente aos mais jovens, todo o processo de moagem, desde a montagem das velas, ao rodar da carapuça e à sua fixação, a moagem propriamente dita, a travagem e controlo do grão da moagem, culminando no ensacar da farinha, pesagem e pagamento ao moleiro.<br />
Para tal contaremos com a colaboração dos seus proprietários e dos anciãos, testemunhos vivos desta atividade, que assumirão o papel de guias intérpretes.<br />
Em simultâneo, decorrerá uma exposição de réplicas em miniatura de moinhos, atafonas e eiras; uma mostra artesanal, desenvolvida em parceria com os artesãos locais e o CADA (Centro de Artesanato e Design dos Açores); jogos do património e desafios do &#8220;Falar Corvino&#8221;, bem como outras recriações.<br />
Esta atividade conta também com o apoio dos serviços de ilha da Secretaria Regional do Turismo, Mobilidade e Infraestruturas e da Secretaria Regional do Ambiente e Alterações Climáticas.</p>

<p>O Ecomuseu do Corvo irá promover, pelo terceiro ano consecutivo, o Dia Aberto dos Moinhos, sob o mote &#8220;Moinhos que guardam Memórias&#8221;. Esta atividade irá decorrer no próximo dia 15 [&hellip;]</p>
