{"id":2636,"date":"2023-06-16T16:07:53","date_gmt":"2023-06-16T16:07:53","guid":{"rendered":"https:\/\/ecomuseu-corvo.cultura.azores.gov.pt\/?post_type=tribe_events&#038;p=2636"},"modified":"2023-07-10T16:14:22","modified_gmt":"2023-07-10T16:14:22","slug":"etnografia-cultura-e-tradicoes","status":"publish","type":"tribe_events","link":"https:\/\/ecomuseu-corvo.cultura.azores.gov.pt\/en\/evento\/etnografia-cultura-e-tradicoes\/","title":{"rendered":"Etnografia, Cultura e Tradi\u00e7\u00f5es"},"content":{"rendered":"<p>O Ecomuseu do Corvo promove, no dia 20 de junho, pelas 17h00, no Centro de Conv\u00edvio da Santa Casa da Miseric\u00f3rdia da Vila do Corvo, a apresenta\u00e7\u00e3o do livro \u201cEtnografia, Cultura e Tradi\u00e7\u00f5es\u201d.<br \/>\nEste livro, editado pela Santa Casa da Miseric\u00f3rdia de S\u00e3o Roque do Pico, sob coordena\u00e7\u00e3o de Jos\u00e9 Carlos Garcia, resulta da atividade desenvolvida na disciplina de Etnografia, Cultura e Tradi\u00e7\u00f5es da Universidade+S\u00e9nior da Santa Casa da Miseric\u00f3rdia de S\u00e3o Roque do Pico e re\u00fane trabalhos elaborados por elementos dentro e para l\u00e1 da referida unidade formativa.<br \/>\nDe salientar que este livro surge no \u00e2mbito de um projeto social e educativo, destinado a todos os cidad\u00e3os com mais de 50 anos, no sentido de estimular a aprendizagem ao longo da vida, e decorre de um projeto vencedor do or\u00e7amento Participativo dos A\u00e7ores.<br \/>\nO mesmo ser\u00e1 apresentado por Jos\u00e9 Carlos Garcia, investigador na \u00e1rea da antropologia.<\/p>","protected":false},"excerpt":{"rendered":"<p>O Ecomuseu do Corvo promove, no dia 20 de junho, pelas 17h00, no Centro de Conv\u00edvio da Santa Casa da Miseric\u00f3rdia da Vila do Corvo, a apresenta\u00e7\u00e3o do livro \u201cEtnografia, [&hellip;]<\/p>\n","protected":false},"author":3,"featured_media":2637,"template":"","meta":{"_tribe_events_status":"","_tribe_events_status_reason":"","footnotes":""},"tags":[],"tribe_events_cat":[29],"class_list":["post-2636","tribe_events","type-tribe_events","status-publish","has-post-thumbnail","hentry","tribe_events_cat-lancamento-de-livros","cat_lancamento-de-livros"],"_links":{"self":[{"href":"https:\/\/ecomuseu-corvo.cultura.azores.gov.pt\/en\/wp-json\/wp\/v2\/tribe_events\/2636","targetHints":{"allow":["GET"]}}],"collection":[{"href":"https:\/\/ecomuseu-corvo.cultura.azores.gov.pt\/en\/wp-json\/wp\/v2\/tribe_events"}],"about":[{"href":"https:\/\/ecomuseu-corvo.cultura.azores.gov.pt\/en\/wp-json\/wp\/v2\/types\/tribe_events"}],"author":[{"embeddable":true,"href":"https:\/\/ecomuseu-corvo.cultura.azores.gov.pt\/en\/wp-json\/wp\/v2\/users\/3"}],"version-history":[{"count":1,"href":"https:\/\/ecomuseu-corvo.cultura.azores.gov.pt\/en\/wp-json\/wp\/v2\/tribe_events\/2636\/revisions"}],"predecessor-version":[{"id":2638,"href":"https:\/\/ecomuseu-corvo.cultura.azores.gov.pt\/en\/wp-json\/wp\/v2\/tribe_events\/2636\/revisions\/2638"}],"wp:featuredmedia":[{"embeddable":true,"href":"https:\/\/ecomuseu-corvo.cultura.azores.gov.pt\/en\/wp-json\/wp\/v2\/media\/2637"}],"wp:attachment":[{"href":"https:\/\/ecomuseu-corvo.cultura.azores.gov.pt\/en\/wp-json\/wp\/v2\/media?parent=2636"}],"wp:term":[{"taxonomy":"post_tag","embeddable":true,"href":"https:\/\/ecomuseu-corvo.cultura.azores.gov.pt\/en\/wp-json\/wp\/v2\/tags?post=2636"},{"taxonomy":"tribe_events_cat","embeddable":true,"href":"https:\/\/ecomuseu-corvo.cultura.azores.gov.pt\/en\/wp-json\/wp\/v2\/tribe_events_cat?post=2636"}],"curies":[{"name":"wp","href":"https:\/\/api.w.org\/{rel}","templated":true}]}}

Etnografia, Cultura e Tradições

<p>O Ecomuseu do Corvo promove, no dia 20 de junho, pelas 17h00, no Centro de Convívio da Santa Casa da Misericórdia da Vila do Corvo, a apresentação do livro “Etnografia, Cultura e Tradições”.<br />
Este livro, editado pela Santa Casa da Misericórdia de São Roque do Pico, sob coordenação de José Carlos Garcia, resulta da atividade desenvolvida na disciplina de Etnografia, Cultura e Tradições da Universidade+Sénior da Santa Casa da Misericórdia de São Roque do Pico e reúne trabalhos elaborados por elementos dentro e para lá da referida unidade formativa.<br />
De salientar que este livro surge no âmbito de um projeto social e educativo, destinado a todos os cidadãos com mais de 50 anos, no sentido de estimular a aprendizagem ao longo da vida, e decorre de um projeto vencedor do orçamento Participativo dos Açores.<br />
O mesmo será apresentado por José Carlos Garcia, investigador na área da antropologia.</p>

<p>O Ecomuseu do Corvo promove, no dia 20 de junho, pelas 17h00, no Centro de Convívio da Santa Casa da Misericórdia da Vila do Corvo, a apresentação do livro “Etnografia, [&hellip;]</p>
