{"id":2621,"date":"2023-06-16T10:00:59","date_gmt":"2023-06-16T10:00:59","guid":{"rendered":"https:\/\/ecomuseu-corvo.cultura.azores.gov.pt\/?post_type=tribe_events&#038;p=2621"},"modified":"2023-10-10T15:07:07","modified_gmt":"2023-10-10T15:07:07","slug":"recriacao-do-dia-da-la","status":"publish","type":"tribe_events","link":"https:\/\/ecomuseu-corvo.cultura.azores.gov.pt\/en\/evento\/recriacao-do-dia-da-la\/","title":{"rendered":"Recria\u00e7\u00e3o do \u201cDia da l\u00e3\u201d"},"content":{"rendered":"<p>Recria\u00e7\u00e3o do \u201cDia da l\u00e3\u201d com piquenique nos Lagos.<br \/>\nA tradi\u00e7\u00e3o do dia da l\u00e3 est\u00e1 associada aos prim\u00f3rdios do povoamento da ilha Corvo. Esta tradi\u00e7\u00e3o, hoje extinta, estava relacionada com a tosquia comunit\u00e1ria das ovelhas e deixou mem\u00f3rias que t\u00eam passado de gera\u00e7\u00e3o em gera\u00e7\u00e3o e marcam a Hist\u00f3ria e a identidade do povo do Corvo.<br \/>\nO dia da l\u00e3, que ocorria na segunda-feira do Esp\u00edrito Santo, para al\u00e9m de ser um dia de trabalho era, tamb\u00e9m, um dia de festa!<br \/>\nPara relembrar este dia a comunidade do Corvo ir\u00e1 realizar, no dia 20 de junho, a partir das 11h00, um piquenique nos Lagos e recriar a tosquia.<br \/>\nO ponto de encontro ser\u00e1 no Largo do Outeiro. Quem necessitar de transporte dever\u00e1 contactar os t\u00e9cnicos do Ecomuseu para os seguintes n\u00fameros: 967985871\/292596063(4) ou para o email do Ecomuseu: Ecomuseu.corvo.info@azores.gov.pt<br \/>\nSer\u00e1 realizado um piquenique partilhado e o Ecomuseu do Corvo ir\u00e1 oferecer um churrasco de frango, bebidas e rebu\u00e7ados para as crian\u00e7as.<br \/>\nO Servi\u00e7o de Desporto da Ilha do Corvo ir\u00e1 programar alguns jogos tradicionais para todos.<br \/>\nAtividade dependente das condi\u00e7\u00f5es meteorol\u00f3gicas.<\/p>","protected":false},"excerpt":{"rendered":"<p>Recria\u00e7\u00e3o do \u201cDia da l\u00e3\u201d com piquenique nos Lagos. A tradi\u00e7\u00e3o do dia da l\u00e3 est\u00e1 associada aos prim\u00f3rdios do povoamento da ilha Corvo. Esta tradi\u00e7\u00e3o, hoje extinta, estava relacionada [&hellip;]<\/p>\n","protected":false},"author":3,"featured_media":2622,"template":"","meta":{"_tribe_events_status":"","_tribe_events_status_reason":"","footnotes":""},"tags":[],"tribe_events_cat":[24,33],"class_list":["post-2621","tribe_events","type-tribe_events","status-publish","has-post-thumbnail","hentry","tribe_events_cat-datas-comemorativas","tribe_events_cat-patrimonio","cat_datas-comemorativas","cat_patrimonio"],"_links":{"self":[{"href":"https:\/\/ecomuseu-corvo.cultura.azores.gov.pt\/en\/wp-json\/wp\/v2\/tribe_events\/2621","targetHints":{"allow":["GET"]}}],"collection":[{"href":"https:\/\/ecomuseu-corvo.cultura.azores.gov.pt\/en\/wp-json\/wp\/v2\/tribe_events"}],"about":[{"href":"https:\/\/ecomuseu-corvo.cultura.azores.gov.pt\/en\/wp-json\/wp\/v2\/types\/tribe_events"}],"author":[{"embeddable":true,"href":"https:\/\/ecomuseu-corvo.cultura.azores.gov.pt\/en\/wp-json\/wp\/v2\/users\/3"}],"version-history":[{"count":1,"href":"https:\/\/ecomuseu-corvo.cultura.azores.gov.pt\/en\/wp-json\/wp\/v2\/tribe_events\/2621\/revisions"}],"predecessor-version":[{"id":2623,"href":"https:\/\/ecomuseu-corvo.cultura.azores.gov.pt\/en\/wp-json\/wp\/v2\/tribe_events\/2621\/revisions\/2623"}],"wp:featuredmedia":[{"embeddable":true,"href":"https:\/\/ecomuseu-corvo.cultura.azores.gov.pt\/en\/wp-json\/wp\/v2\/media\/2622"}],"wp:attachment":[{"href":"https:\/\/ecomuseu-corvo.cultura.azores.gov.pt\/en\/wp-json\/wp\/v2\/media?parent=2621"}],"wp:term":[{"taxonomy":"post_tag","embeddable":true,"href":"https:\/\/ecomuseu-corvo.cultura.azores.gov.pt\/en\/wp-json\/wp\/v2\/tags?post=2621"},{"taxonomy":"tribe_events_cat","embeddable":true,"href":"https:\/\/ecomuseu-corvo.cultura.azores.gov.pt\/en\/wp-json\/wp\/v2\/tribe_events_cat?post=2621"}],"curies":[{"name":"wp","href":"https:\/\/api.w.org\/{rel}","templated":true}]}}

Recriação do “Dia da lã”

<p>Recriação do “Dia da lã” com piquenique nos Lagos.<br />
A tradição do dia da lã está associada aos primórdios do povoamento da ilha Corvo. Esta tradição, hoje extinta, estava relacionada com a tosquia comunitária das ovelhas e deixou memórias que têm passado de geração em geração e marcam a História e a identidade do povo do Corvo.<br />
O dia da lã, que ocorria na segunda-feira do Espírito Santo, para além de ser um dia de trabalho era, também, um dia de festa!<br />
Para relembrar este dia a comunidade do Corvo irá realizar, no dia 20 de junho, a partir das 11h00, um piquenique nos Lagos e recriar a tosquia.<br />
O ponto de encontro será no Largo do Outeiro. Quem necessitar de transporte deverá contactar os técnicos do Ecomuseu para os seguintes números: 967985871/292596063(4) ou para o email do Ecomuseu: Ecomuseu.corvo.info@azores.gov.pt<br />
Será realizado um piquenique partilhado e o Ecomuseu do Corvo irá oferecer um churrasco de frango, bebidas e rebuçados para as crianças.<br />
O Serviço de Desporto da Ilha do Corvo irá programar alguns jogos tradicionais para todos.<br />
Atividade dependente das condições meteorológicas.</p>

<p>Recriação do “Dia da lã” com piquenique nos Lagos. A tradição do dia da lã está associada aos primórdios do povoamento da ilha Corvo. Esta tradição, hoje extinta, estava relacionada [&hellip;]</p>
