{"id":2618,"date":"2023-06-13T12:20:53","date_gmt":"2023-06-13T12:20:53","guid":{"rendered":"https:\/\/ecomuseu-corvo.cultura.azores.gov.pt\/?post_type=tribe_events&#038;p=2618"},"modified":"2023-10-10T15:06:46","modified_gmt":"2023-10-10T15:06:46","slug":"projetos-culturais-drac-2023","status":"publish","type":"tribe_events","link":"https:\/\/ecomuseu-corvo.cultura.azores.gov.pt\/en\/evento\/projetos-culturais-drac-2023\/","title":{"rendered":"Projetos Culturais DRAC\/2023"},"content":{"rendered":"<p>O Ecomuseu ir\u00e1 realizar a atividade \u201cSess\u00e3o de esclarecimento \u201cApresenta\u00e7\u00e3o de Candidaturas aos Projetos Culturais DRAC\/2023\u201d, que ir\u00e1 decorrer na Casa do Tempo no dia 14 de junho \u00e0s 18:00h.<br \/>\nO Regime Jur\u00eddico de Apoios a Atividades Culturais e o Programa de Apoio \u00e0s Sociedades Recreativas e Filarm\u00f3nicas concedem apoios nas \u00e1reas de audiovisual e multim\u00e9dia, artes visuais, patrim\u00f3nio cultural, programas interdisciplinares, aquisi\u00e7\u00e3o de instrumentos musicais, edi\u00e7\u00e3o de obras culturais, bolsas de cria\u00e7\u00e3o art\u00edsticas e ainda para outros eventos.<br \/>\nTem uma ideia de projeto, mas n\u00e3o sabe bem como se candidatar? Venha ter connosco!<br \/>\nA presente sess\u00e3o ter\u00e1 como intuito explicar como realizar a candidatura a estes apoios e em simult\u00e2neo providenciar esclarecimentos sobre os mesmos.<\/p>","protected":false},"excerpt":{"rendered":"<p>O Ecomuseu ir\u00e1 realizar a atividade \u201cSess\u00e3o de esclarecimento \u201cApresenta\u00e7\u00e3o de Candidaturas aos Projetos Culturais DRAC\/2023\u201d, que ir\u00e1 decorrer na Casa do Tempo no dia 14 de junho \u00e0s 18:00h. [&hellip;]<\/p>\n","protected":false},"author":3,"featured_media":2619,"template":"","meta":{"_tribe_events_status":"","_tribe_events_status_reason":"","footnotes":""},"tags":[],"tribe_events_cat":[],"class_list":["post-2618","tribe_events","type-tribe_events","status-publish","has-post-thumbnail","hentry"],"_links":{"self":[{"href":"https:\/\/ecomuseu-corvo.cultura.azores.gov.pt\/en\/wp-json\/wp\/v2\/tribe_events\/2618","targetHints":{"allow":["GET"]}}],"collection":[{"href":"https:\/\/ecomuseu-corvo.cultura.azores.gov.pt\/en\/wp-json\/wp\/v2\/tribe_events"}],"about":[{"href":"https:\/\/ecomuseu-corvo.cultura.azores.gov.pt\/en\/wp-json\/wp\/v2\/types\/tribe_events"}],"author":[{"embeddable":true,"href":"https:\/\/ecomuseu-corvo.cultura.azores.gov.pt\/en\/wp-json\/wp\/v2\/users\/3"}],"version-history":[{"count":1,"href":"https:\/\/ecomuseu-corvo.cultura.azores.gov.pt\/en\/wp-json\/wp\/v2\/tribe_events\/2618\/revisions"}],"predecessor-version":[{"id":2620,"href":"https:\/\/ecomuseu-corvo.cultura.azores.gov.pt\/en\/wp-json\/wp\/v2\/tribe_events\/2618\/revisions\/2620"}],"wp:featuredmedia":[{"embeddable":true,"href":"https:\/\/ecomuseu-corvo.cultura.azores.gov.pt\/en\/wp-json\/wp\/v2\/media\/2619"}],"wp:attachment":[{"href":"https:\/\/ecomuseu-corvo.cultura.azores.gov.pt\/en\/wp-json\/wp\/v2\/media?parent=2618"}],"wp:term":[{"taxonomy":"post_tag","embeddable":true,"href":"https:\/\/ecomuseu-corvo.cultura.azores.gov.pt\/en\/wp-json\/wp\/v2\/tags?post=2618"},{"taxonomy":"tribe_events_cat","embeddable":true,"href":"https:\/\/ecomuseu-corvo.cultura.azores.gov.pt\/en\/wp-json\/wp\/v2\/tribe_events_cat?post=2618"}],"curies":[{"name":"wp","href":"https:\/\/api.w.org\/{rel}","templated":true}]}}

<p>O Ecomuseu irá realizar a atividade “Sessão de esclarecimento “Apresentação de Candidaturas aos Projetos Culturais DRAC/2023”, que irá decorrer na Casa do Tempo no dia 14 de junho às 18:00h.<br />
O Regime Jurídico de Apoios a Atividades Culturais e o Programa de Apoio às Sociedades Recreativas e Filarmónicas concedem apoios nas áreas de audiovisual e multimédia, artes visuais, património cultural, programas interdisciplinares, aquisição de instrumentos musicais, edição de obras culturais, bolsas de criação artísticas e ainda para outros eventos.<br />
Tem uma ideia de projeto, mas não sabe bem como se candidatar? Venha ter connosco!<br />
A presente sessão terá como intuito explicar como realizar a candidatura a estes apoios e em simultâneo providenciar esclarecimentos sobre os mesmos.</p>

<p>O Ecomuseu irá realizar a atividade “Sessão de esclarecimento “Apresentação de Candidaturas aos Projetos Culturais DRAC/2023”, que irá decorrer na Casa do Tempo no dia 14 de junho às 18:00h. [&hellip;]</p>
