{"id":2414,"date":"2023-03-30T15:54:41","date_gmt":"2023-03-30T15:54:41","guid":{"rendered":"https:\/\/ecomuseu-corvo.cultura.azores.gov.pt\/?post_type=tribe_events&#038;p=2414"},"modified":"2023-10-10T15:44:45","modified_gmt":"2023-10-10T15:44:45","slug":"ferias-no-ecomuseu-pascoa-2","status":"publish","type":"tribe_events","link":"https:\/\/ecomuseu-corvo.cultura.azores.gov.pt\/en\/evento\/ferias-no-ecomuseu-pascoa-2\/","title":{"rendered":"F\u00e9rias no Ecomuseu &#8211; P\u00e1scoa"},"content":{"rendered":"<p>Nas f\u00e9rias da P\u00e1scoa o Ecomuseu do Corvo, em articula\u00e7\u00e3o com a Biblioteca Escolar, promove atividades com as crian\u00e7as e jovens, em que se pretende estimular a imagina\u00e7\u00e3o, a criatividade e demonstrar como aprender pode ser divertido.<br \/>\nPrepar\u00e1mos um conjunto de atividades especiais alusivas \u00e0 \u00e9poca da P\u00e1scoa, \u00e0 educa\u00e7\u00e3o ambiental e patrimonial. Estas atividades ir\u00e3o decorrer na Casa do Tempo e no Pavilh\u00e3o Multiusos do Corvo, nos dias 04, 05, 11, 12,13 e 14 de abril, a partir das 14h30.<br \/>\nPrograma:<br \/>\n04\/04\/2023 \u2013Sess\u00e3o de cinema | Casa do Tempo (1.\u00ba e 2.\u00ba ciclos).<br \/>\n05\/04\/2023 \u2013 Workshop sobre Fotografia, com Rita Nascimento | Pavilh\u00e3o Multiusos (1.\u00ba e 2.\u00ba ciclos). Introdu\u00e7\u00e3o \u00e0 fotografia e \u00e0 Hist\u00f3ria da fotografia. Pretende-se com esta atividade promover o conhecimento de conceitos relacionados com a preserva\u00e7\u00e3o, conserva\u00e7\u00e3o e restauro do patrim\u00f3nio, em espec\u00edfico dos documentos fotogr\u00e1ficos.<br \/>\n11\/04\/2023 \u2013 &#8220;Mini barretas de l\u00e3&#8221;, a casa corvina e realiza\u00e7\u00e3o do jogo \u201cquantos queres\u201d | Pavilh\u00e3o Multiusos (1.\u00ba e 2.\u00ba ciclos).<br \/>\n12\/04\/2023 \u2013 &#8220;Bingo do patrim\u00f3nio&#8221; e jogos did\u00e1ticos sobre o Patrim\u00f3nio | Pavilh\u00e3o Multiusos (1.\u00ba e 2.\u00ba ciclos).<br \/>\n13\/04\/2023 &#8211; \u201cO meu Mapa do Corvo\u201d | Pavilh\u00e3o Multiusos (1.\u00ba e 2.\u00ba ciclos).<br \/>\n14\/04\/2023 \u2013 Vamos brincar com brinquedos elaborados com materiais reutiliz\u00e1veis | Pavilh\u00e3o Multiusos (1.\u00ba e 2.\u00ba ciclos). Pretende-se com esta atividade assinalar o Dia Mundial da Terra, que se celebra a 22 de abril.<br \/>\nEncerramento das atividades com uma ca\u00e7a ao ovo e entrega de certificados.<br \/>\nAo longo das duas semanas de interrup\u00e7\u00e3o da P\u00e1scoa iremos promover a atividade \u201cLer \u00e9 Saber!\u201d com propostas de leitura no Ecomuseu. Os livros poder\u00e3o ser requisitados na Casa do Tempo.<br \/>\nEm todas as atividades as crian\u00e7as e jovens ser\u00e3o acompanhados pelos t\u00e9cnicos do Ecomuseu.<\/p>","protected":false},"excerpt":{"rendered":"<p>Nas f\u00e9rias da P\u00e1scoa o Ecomuseu do Corvo, em articula\u00e7\u00e3o com a Biblioteca Escolar, promove atividades com as crian\u00e7as e jovens, em que se pretende estimular a imagina\u00e7\u00e3o, a criatividade [&hellip;]<\/p>\n","protected":false},"author":3,"featured_media":2415,"template":"","meta":{"_tribe_events_status":"","_tribe_events_status_reason":"","footnotes":""},"tags":[],"tribe_events_cat":[34],"class_list":["post-2414","tribe_events","type-tribe_events","status-publish","has-post-thumbnail","hentry","tribe_events_cat-ferias-no-ecomuseu","cat_ferias-no-ecomuseu"],"_links":{"self":[{"href":"https:\/\/ecomuseu-corvo.cultura.azores.gov.pt\/en\/wp-json\/wp\/v2\/tribe_events\/2414","targetHints":{"allow":["GET"]}}],"collection":[{"href":"https:\/\/ecomuseu-corvo.cultura.azores.gov.pt\/en\/wp-json\/wp\/v2\/tribe_events"}],"about":[{"href":"https:\/\/ecomuseu-corvo.cultura.azores.gov.pt\/en\/wp-json\/wp\/v2\/types\/tribe_events"}],"author":[{"embeddable":true,"href":"https:\/\/ecomuseu-corvo.cultura.azores.gov.pt\/en\/wp-json\/wp\/v2\/users\/3"}],"version-history":[{"count":1,"href":"https:\/\/ecomuseu-corvo.cultura.azores.gov.pt\/en\/wp-json\/wp\/v2\/tribe_events\/2414\/revisions"}],"predecessor-version":[{"id":2416,"href":"https:\/\/ecomuseu-corvo.cultura.azores.gov.pt\/en\/wp-json\/wp\/v2\/tribe_events\/2414\/revisions\/2416"}],"wp:featuredmedia":[{"embeddable":true,"href":"https:\/\/ecomuseu-corvo.cultura.azores.gov.pt\/en\/wp-json\/wp\/v2\/media\/2415"}],"wp:attachment":[{"href":"https:\/\/ecomuseu-corvo.cultura.azores.gov.pt\/en\/wp-json\/wp\/v2\/media?parent=2414"}],"wp:term":[{"taxonomy":"post_tag","embeddable":true,"href":"https:\/\/ecomuseu-corvo.cultura.azores.gov.pt\/en\/wp-json\/wp\/v2\/tags?post=2414"},{"taxonomy":"tribe_events_cat","embeddable":true,"href":"https:\/\/ecomuseu-corvo.cultura.azores.gov.pt\/en\/wp-json\/wp\/v2\/tribe_events_cat?post=2414"}],"curies":[{"name":"wp","href":"https:\/\/api.w.org\/{rel}","templated":true}]}}

Férias no Ecomuseu &#8211; Páscoa

<p>Nas férias da Páscoa o Ecomuseu do Corvo, em articulação com a Biblioteca Escolar, promove atividades com as crianças e jovens, em que se pretende estimular a imaginação, a criatividade e demonstrar como aprender pode ser divertido.<br />
Preparámos um conjunto de atividades especiais alusivas à época da Páscoa, à educação ambiental e patrimonial. Estas atividades irão decorrer na Casa do Tempo e no Pavilhão Multiusos do Corvo, nos dias 04, 05, 11, 12,13 e 14 de abril, a partir das 14h30.<br />
Programa:<br />
04/04/2023 –Sessão de cinema | Casa do Tempo (1.º e 2.º ciclos).<br />
05/04/2023 – Workshop sobre Fotografia, com Rita Nascimento | Pavilhão Multiusos (1.º e 2.º ciclos). Introdução à fotografia e à História da fotografia. Pretende-se com esta atividade promover o conhecimento de conceitos relacionados com a preservação, conservação e restauro do património, em específico dos documentos fotográficos.<br />
11/04/2023 – &#8220;Mini barretas de lã&#8221;, a casa corvina e realização do jogo “quantos queres” | Pavilhão Multiusos (1.º e 2.º ciclos).<br />
12/04/2023 – &#8220;Bingo do património&#8221; e jogos didáticos sobre o Património | Pavilhão Multiusos (1.º e 2.º ciclos).<br />
13/04/2023 &#8211; “O meu Mapa do Corvo” | Pavilhão Multiusos (1.º e 2.º ciclos).<br />
14/04/2023 – Vamos brincar com brinquedos elaborados com materiais reutilizáveis | Pavilhão Multiusos (1.º e 2.º ciclos). Pretende-se com esta atividade assinalar o Dia Mundial da Terra, que se celebra a 22 de abril.<br />
Encerramento das atividades com uma caça ao ovo e entrega de certificados.<br />
Ao longo das duas semanas de interrupção da Páscoa iremos promover a atividade “Ler é Saber!” com propostas de leitura no Ecomuseu. Os livros poderão ser requisitados na Casa do Tempo.<br />
Em todas as atividades as crianças e jovens serão acompanhados pelos técnicos do Ecomuseu.</p>

<p>Nas férias da Páscoa o Ecomuseu do Corvo, em articulação com a Biblioteca Escolar, promove atividades com as crianças e jovens, em que se pretende estimular a imaginação, a criatividade [&hellip;]</p>
