{"id":2406,"date":"2023-03-20T10:18:38","date_gmt":"2023-03-20T11:18:38","guid":{"rendered":"https:\/\/ecomuseu-corvo.cultura.azores.gov.pt\/?post_type=tribe_events&#038;p=2406"},"modified":"2023-10-10T15:44:27","modified_gmt":"2023-10-10T15:44:27","slug":"conservacao-preventiva-de-documentos-fotograficos","status":"publish","type":"tribe_events","link":"https:\/\/ecomuseu-corvo.cultura.azores.gov.pt\/en\/evento\/conservacao-preventiva-de-documentos-fotograficos\/","title":{"rendered":"Conserva\u00e7\u00e3o de Fotografias"},"content":{"rendered":"<p>A\u00e7\u00e3o de Sensibiliza\u00e7\u00e3o com Sess\u00e3o Pr\u00e1tica<br \/>\nAs Boas Pr\u00e1ticas para uma Conserva\u00e7\u00e3o Preventiva de Documentos Fotogr\u00e1ficos Pessoais<\/p>\n<p>Dias: 03 a 06 de abril de 2023 das 17h30 \u00e0s 19h30<br \/>\nLocal \u2013 Multiusos do Corvo<br \/>\nIdade &#8211; acima de 15 anos<br \/>\nInscri\u00e7\u00f5es e informa\u00e7\u00f5es &#8211; <a href=\"https:\/\/forms.office.com\/e\/xtmRQ78ZRf\">https:\/\/forms.office.com\/e\/xtmRQ78ZRf<\/a><\/p>\n<p>Sobre a A\u00e7\u00e3o<\/p>\n<p>Proposta de forma\u00e7\u00e3o gratuita que visa:<\/p>\n<p>Promover o conhecimento de conceitos relacionados com a preserva\u00e7\u00e3o, conserva\u00e7\u00e3o e restauro do patrim\u00f3nio, neste caso em espec\u00edfico, dos documentos fotogr\u00e1ficos; Dar a conhecer qual o caminho para se tornar num conservador-restaurador e qual a \u00e9tica de trabalho impl\u00edcita; Dar a conhecer os fatores de degrada\u00e7\u00e3o e de risco a que a fotografia est\u00e1 sujeita; Sensibilizar para os problemas de conserva\u00e7\u00e3o da fotografia; Contribuir para o reconhecimento da necessidade de uma manuten\u00e7\u00e3o, de forma a salvaguardar este patrim\u00f3nio pessoal; Contribuir para o conhecimento das boas pr\u00e1ticas de preven\u00e7\u00e3o, tendo por fim \u00faltimo, o abrandamento do ritmo de envelhecimento dos materiais constituintes, das fotografias.<br \/>\nSobre: Rita Nascimento<\/p>\n<p>Rita Carmen Reis Nascimento, natural da ilha de S. Jorge, p\u00f3s-graduou-se em Turismo Cultural em 2021, pela Universidade dos A\u00e7ores. Tornou-se mestre pela Universidade Polit\u00e9cnica de Val\u00eancia em 2016 e licenciada pelo Instituto Polit\u00e9cnico de Tomar em 2012, em Conserva\u00e7\u00e3o e Restauro. Desde em 2012, que trabalha como conservadora-restauradora, tendo sido a \u00e1rea de maior desempenho a de documentos gr\u00e1ficos. Atualmente, \u00e9 t\u00e9cnica superior de Conserva\u00e7\u00e3o e Restauro no Museu Francisco de Lacerda (desde 2022).<\/p>","protected":false},"excerpt":{"rendered":"<p>A\u00e7\u00e3o de Sensibiliza\u00e7\u00e3o com Sess\u00e3o Pr\u00e1tica As Boas Pr\u00e1ticas para uma Conserva\u00e7\u00e3o Preventiva de Documentos Fotogr\u00e1ficos Pessoais Dias: 03 a 06 de abril de 2023 das 17h30 \u00e0s 19h30 Local [&hellip;]<\/p>\n","protected":false},"author":3,"featured_media":2407,"template":"","meta":{"_tribe_events_status":"","_tribe_events_status_reason":"","footnotes":""},"tags":[],"tribe_events_cat":[36],"class_list":["post-2406","tribe_events","type-tribe_events","status-publish","has-post-thumbnail","hentry","tribe_events_cat-oficinas-cursos-workshops","cat_oficinas-cursos-workshops"],"_links":{"self":[{"href":"https:\/\/ecomuseu-corvo.cultura.azores.gov.pt\/en\/wp-json\/wp\/v2\/tribe_events\/2406","targetHints":{"allow":["GET"]}}],"collection":[{"href":"https:\/\/ecomuseu-corvo.cultura.azores.gov.pt\/en\/wp-json\/wp\/v2\/tribe_events"}],"about":[{"href":"https:\/\/ecomuseu-corvo.cultura.azores.gov.pt\/en\/wp-json\/wp\/v2\/types\/tribe_events"}],"author":[{"embeddable":true,"href":"https:\/\/ecomuseu-corvo.cultura.azores.gov.pt\/en\/wp-json\/wp\/v2\/users\/3"}],"version-history":[{"count":4,"href":"https:\/\/ecomuseu-corvo.cultura.azores.gov.pt\/en\/wp-json\/wp\/v2\/tribe_events\/2406\/revisions"}],"predecessor-version":[{"id":2411,"href":"https:\/\/ecomuseu-corvo.cultura.azores.gov.pt\/en\/wp-json\/wp\/v2\/tribe_events\/2406\/revisions\/2411"}],"wp:featuredmedia":[{"embeddable":true,"href":"https:\/\/ecomuseu-corvo.cultura.azores.gov.pt\/en\/wp-json\/wp\/v2\/media\/2407"}],"wp:attachment":[{"href":"https:\/\/ecomuseu-corvo.cultura.azores.gov.pt\/en\/wp-json\/wp\/v2\/media?parent=2406"}],"wp:term":[{"taxonomy":"post_tag","embeddable":true,"href":"https:\/\/ecomuseu-corvo.cultura.azores.gov.pt\/en\/wp-json\/wp\/v2\/tags?post=2406"},{"taxonomy":"tribe_events_cat","embeddable":true,"href":"https:\/\/ecomuseu-corvo.cultura.azores.gov.pt\/en\/wp-json\/wp\/v2\/tribe_events_cat?post=2406"}],"curies":[{"name":"wp","href":"https:\/\/api.w.org\/{rel}","templated":true}]}}

Conservação de Fotografias

<p>Ação de Sensibilização com Sessão Prática<br />
As Boas Práticas para uma Conservação Preventiva de Documentos Fotográficos Pessoais</p>
<p>Dias: 03 a 06 de abril de 2023 das 17h30 às 19h30<br />
Local – Multiusos do Corvo<br />
Idade &#8211; acima de 15 anos<br />
Inscrições e informações &#8211; <a href="https://forms.office.com/e/xtmRQ78ZRf">https://forms.office.com/e/xtmRQ78ZRf</a></p>
<p>Sobre a Ação</p>
<p>Proposta de formação gratuita que visa:</p>
<p>Promover o conhecimento de conceitos relacionados com a preservação, conservação e restauro do património, neste caso em específico, dos documentos fotográficos; Dar a conhecer qual o caminho para se tornar num conservador-restaurador e qual a ética de trabalho implícita; Dar a conhecer os fatores de degradação e de risco a que a fotografia está sujeita; Sensibilizar para os problemas de conservação da fotografia; Contribuir para o reconhecimento da necessidade de uma manutenção, de forma a salvaguardar este património pessoal; Contribuir para o conhecimento das boas práticas de prevenção, tendo por fim último, o abrandamento do ritmo de envelhecimento dos materiais constituintes, das fotografias.<br />
Sobre: Rita Nascimento</p>
<p>Rita Carmen Reis Nascimento, natural da ilha de S. Jorge, pós-graduou-se em Turismo Cultural em 2021, pela Universidade dos Açores. Tornou-se mestre pela Universidade Politécnica de Valência em 2016 e licenciada pelo Instituto Politécnico de Tomar em 2012, em Conservação e Restauro. Desde em 2012, que trabalha como conservadora-restauradora, tendo sido a área de maior desempenho a de documentos gráficos. Atualmente, é técnica superior de Conservação e Restauro no Museu Francisco de Lacerda (desde 2022).</p>

<p>Ação de Sensibilização com Sessão Prática As Boas Práticas para uma Conservação Preventiva de Documentos Fotográficos Pessoais Dias: 03 a 06 de abril de 2023 das 17h30 às 19h30 Local [&hellip;]</p>
