{"id":2400,"date":"2023-03-15T09:06:14","date_gmt":"2023-03-15T10:06:14","guid":{"rendered":"https:\/\/ecomuseu-corvo.cultura.azores.gov.pt\/?post_type=tribe_events&#038;p=2400"},"modified":"2023-10-10T15:14:36","modified_gmt":"2023-10-10T15:14:36","slug":"artistas-no-ecomuseu-2","status":"publish","type":"tribe_events","link":"https:\/\/ecomuseu-corvo.cultura.azores.gov.pt\/en\/evento\/artistas-no-ecomuseu-2\/","title":{"rendered":"Artistas no Ecomuseu"},"content":{"rendered":"<p>No pr\u00f3ximo dia 17 de mar\u00e7o (pr\u00f3xima sexta-feira), entre as 09h30 e as 11h00, ser\u00e1 dinamizada, no Pavilh\u00e3o Multiusos, uma atividade educativa, intitulada \u201cArtistas no Ecomuseu\u201d. Esta atividade ser\u00e1 desenvolvida em articula\u00e7\u00e3o com o jardim-de-inf\u00e2ncia \u201cPlaneta Azul\u201d e destina-se, especificamente, ao grupo de alunos do ensino pr\u00e9-escolar.<br \/>\nEsta \u00e9 uma atividade que ser\u00e1 realizada mensalmente nas seguintes datas: 04 de abril, 2 de maio, 6 de junho e 4 de julho.<br \/>\nCom estas atividades pretende-se estimular a criatividade e despertar nas crian\u00e7as o gosto pela arte e pelos of\u00edcios tradicionais.<\/p>","protected":false},"excerpt":{"rendered":"<p>No pr\u00f3ximo dia 17 de mar\u00e7o (pr\u00f3xima sexta-feira), entre as 09h30 e as 11h00, ser\u00e1 dinamizada, no Pavilh\u00e3o Multiusos, uma atividade educativa, intitulada \u201cArtistas no Ecomuseu\u201d. Esta atividade ser\u00e1 desenvolvida [&hellip;]<\/p>\n","protected":false},"author":3,"featured_media":2401,"template":"","meta":{"_tribe_events_status":"","_tribe_events_status_reason":"","footnotes":""},"tags":[],"tribe_events_cat":[30],"class_list":["post-2400","tribe_events","type-tribe_events","status-publish","has-post-thumbnail","hentry","tribe_events_cat-servico-educativo","cat_servico-educativo"],"_links":{"self":[{"href":"https:\/\/ecomuseu-corvo.cultura.azores.gov.pt\/en\/wp-json\/wp\/v2\/tribe_events\/2400","targetHints":{"allow":["GET"]}}],"collection":[{"href":"https:\/\/ecomuseu-corvo.cultura.azores.gov.pt\/en\/wp-json\/wp\/v2\/tribe_events"}],"about":[{"href":"https:\/\/ecomuseu-corvo.cultura.azores.gov.pt\/en\/wp-json\/wp\/v2\/types\/tribe_events"}],"author":[{"embeddable":true,"href":"https:\/\/ecomuseu-corvo.cultura.azores.gov.pt\/en\/wp-json\/wp\/v2\/users\/3"}],"version-history":[{"count":1,"href":"https:\/\/ecomuseu-corvo.cultura.azores.gov.pt\/en\/wp-json\/wp\/v2\/tribe_events\/2400\/revisions"}],"predecessor-version":[{"id":2402,"href":"https:\/\/ecomuseu-corvo.cultura.azores.gov.pt\/en\/wp-json\/wp\/v2\/tribe_events\/2400\/revisions\/2402"}],"wp:featuredmedia":[{"embeddable":true,"href":"https:\/\/ecomuseu-corvo.cultura.azores.gov.pt\/en\/wp-json\/wp\/v2\/media\/2401"}],"wp:attachment":[{"href":"https:\/\/ecomuseu-corvo.cultura.azores.gov.pt\/en\/wp-json\/wp\/v2\/media?parent=2400"}],"wp:term":[{"taxonomy":"post_tag","embeddable":true,"href":"https:\/\/ecomuseu-corvo.cultura.azores.gov.pt\/en\/wp-json\/wp\/v2\/tags?post=2400"},{"taxonomy":"tribe_events_cat","embeddable":true,"href":"https:\/\/ecomuseu-corvo.cultura.azores.gov.pt\/en\/wp-json\/wp\/v2\/tribe_events_cat?post=2400"}],"curies":[{"name":"wp","href":"https:\/\/api.w.org\/{rel}","templated":true}]}}

<p>No próximo dia 17 de março (próxima sexta-feira), entre as 09h30 e as 11h00, será dinamizada, no Pavilhão Multiusos, uma atividade educativa, intitulada “Artistas no Ecomuseu”. Esta atividade será desenvolvida em articulação com o jardim-de-infância “Planeta Azul” e destina-se, especificamente, ao grupo de alunos do ensino pré-escolar.<br />
Esta é uma atividade que será realizada mensalmente nas seguintes datas: 04 de abril, 2 de maio, 6 de junho e 4 de julho.<br />
Com estas atividades pretende-se estimular a criatividade e despertar nas crianças o gosto pela arte e pelos ofícios tradicionais.</p>

<p>No próximo dia 17 de março (próxima sexta-feira), entre as 09h30 e as 11h00, será dinamizada, no Pavilhão Multiusos, uma atividade educativa, intitulada “Artistas no Ecomuseu”. Esta atividade será desenvolvida [&hellip;]</p>
