{"id":2349,"date":"2023-01-23T11:28:29","date_gmt":"2023-01-23T12:28:29","guid":{"rendered":"https:\/\/ecomuseu-corvo.cultura.azores.gov.pt\/?post_type=tribe_events&#038;p=2349"},"modified":"2023-02-07T11:32:03","modified_gmt":"2023-02-07T12:32:03","slug":"falar-corvino-23-de-janeiro","status":"publish","type":"tribe_events","link":"https:\/\/ecomuseu-corvo.cultura.azores.gov.pt\/en\/evento\/falar-corvino-23-de-janeiro\/","title":{"rendered":"Falar Corvino &#8211; 23 de janeiro"},"content":{"rendered":"<p>Apresentamos mais uma palavra do &#8220;Falar Corvino&#8221;<\/p>\n<p>Quem tiver sugest\u00f5es por favor entre em contacto connosco.<br \/>\nObrigada a todos pela participa\u00e7\u00e3o e pelos contributos que nos t\u00eam enviado.<br \/>\nPara acompanharem o resultado dos vossos contributos deixamos o link do gloss\u00e1rio &#8220;Falar Corvino&#8221;: https:\/\/padlet.com\/ecomuseu\/5zdomsu4rcejijqy<br \/>\nUma boa semana para todos!<\/p>\n<p><img loading=\"lazy\" decoding=\"async\" class=\"alignnone size-medium wp-image-2350\" src=\"https:\/\/ecomuseu-corvo.cultura.azores.gov.pt\/wp-content\/uploads\/2023\/02\/4-300x300.png\" alt=\"\" width=\"300\" height=\"300\" srcset=\"https:\/\/ecomuseu-corvo.cultura.azores.gov.pt\/wp-content\/uploads\/2023\/02\/4-300x300.png 300w, https:\/\/ecomuseu-corvo.cultura.azores.gov.pt\/wp-content\/uploads\/2023\/02\/4-150x150.png 150w, https:\/\/ecomuseu-corvo.cultura.azores.gov.pt\/wp-content\/uploads\/2023\/02\/4-768x768.png 768w, https:\/\/ecomuseu-corvo.cultura.azores.gov.pt\/wp-content\/uploads\/2023\/02\/4-12x12.png 12w, https:\/\/ecomuseu-corvo.cultura.azores.gov.pt\/wp-content\/uploads\/2023\/02\/4.png 800w\" sizes=\"auto, (max-width: 300px) 100vw, 300px\" \/><\/p>","protected":false},"excerpt":{"rendered":"<p>Apresentamos mais uma palavra do &#8220;Falar Corvino&#8221; Quem tiver sugest\u00f5es por favor entre em contacto connosco. Obrigada a todos pela participa\u00e7\u00e3o e pelos contributos que nos t\u00eam enviado. Para acompanharem [&hellip;]<\/p>\n","protected":false},"author":3,"featured_media":2353,"template":"","meta":{"_tribe_events_status":"","_tribe_events_status_reason":"","footnotes":""},"tags":[],"tribe_events_cat":[37],"class_list":["post-2349","tribe_events","type-tribe_events","status-publish","has-post-thumbnail","hentry","tribe_events_cat-falar-corvino","cat_falar-corvino"],"_links":{"self":[{"href":"https:\/\/ecomuseu-corvo.cultura.azores.gov.pt\/en\/wp-json\/wp\/v2\/tribe_events\/2349","targetHints":{"allow":["GET"]}}],"collection":[{"href":"https:\/\/ecomuseu-corvo.cultura.azores.gov.pt\/en\/wp-json\/wp\/v2\/tribe_events"}],"about":[{"href":"https:\/\/ecomuseu-corvo.cultura.azores.gov.pt\/en\/wp-json\/wp\/v2\/types\/tribe_events"}],"author":[{"embeddable":true,"href":"https:\/\/ecomuseu-corvo.cultura.azores.gov.pt\/en\/wp-json\/wp\/v2\/users\/3"}],"version-history":[{"count":1,"href":"https:\/\/ecomuseu-corvo.cultura.azores.gov.pt\/en\/wp-json\/wp\/v2\/tribe_events\/2349\/revisions"}],"predecessor-version":[{"id":2354,"href":"https:\/\/ecomuseu-corvo.cultura.azores.gov.pt\/en\/wp-json\/wp\/v2\/tribe_events\/2349\/revisions\/2354"}],"wp:featuredmedia":[{"embeddable":true,"href":"https:\/\/ecomuseu-corvo.cultura.azores.gov.pt\/en\/wp-json\/wp\/v2\/media\/2353"}],"wp:attachment":[{"href":"https:\/\/ecomuseu-corvo.cultura.azores.gov.pt\/en\/wp-json\/wp\/v2\/media?parent=2349"}],"wp:term":[{"taxonomy":"post_tag","embeddable":true,"href":"https:\/\/ecomuseu-corvo.cultura.azores.gov.pt\/en\/wp-json\/wp\/v2\/tags?post=2349"},{"taxonomy":"tribe_events_cat","embeddable":true,"href":"https:\/\/ecomuseu-corvo.cultura.azores.gov.pt\/en\/wp-json\/wp\/v2\/tribe_events_cat?post=2349"}],"curies":[{"name":"wp","href":"https:\/\/api.w.org\/{rel}","templated":true}]}}

<p>Apresentamos mais uma palavra do &#8220;Falar Corvino&#8221;</p>
<p>Quem tiver sugestões por favor entre em contacto connosco.<br />
Obrigada a todos pela participação e pelos contributos que nos têm enviado.<br />
Para acompanharem o resultado dos vossos contributos deixamos o link do glossário &#8220;Falar Corvino&#8221;: https://padlet.com/ecomuseu/5zdomsu4rcejijqy<br />
Uma boa semana para todos!</p>
<p><img loading="lazy" decoding="async" class="alignnone size-medium wp-image-2350" src="https://ecomuseu-corvo.cultura.azores.gov.pt/wp-content/uploads/2023/02/4-300x300.png" alt="" width="300" height="300" srcset="https://ecomuseu-corvo.cultura.azores.gov.pt/wp-content/uploads/2023/02/4-300x300.png 300w, https://ecomuseu-corvo.cultura.azores.gov.pt/wp-content/uploads/2023/02/4-150x150.png 150w, https://ecomuseu-corvo.cultura.azores.gov.pt/wp-content/uploads/2023/02/4-768x768.png 768w, https://ecomuseu-corvo.cultura.azores.gov.pt/wp-content/uploads/2023/02/4-12x12.png 12w, https://ecomuseu-corvo.cultura.azores.gov.pt/wp-content/uploads/2023/02/4.png 800w" sizes="auto, (max-width: 300px) 100vw, 300px" /></p>

<p>Apresentamos mais uma palavra do &#8220;Falar Corvino&#8221; Quem tiver sugestões por favor entre em contacto connosco. Obrigada a todos pela participação e pelos contributos que nos têm enviado. Para acompanharem [&hellip;]</p>
