{"id":2342,"date":"2023-02-01T11:17:10","date_gmt":"2023-02-01T12:17:10","guid":{"rendered":"https:\/\/ecomuseu-corvo.cultura.azores.gov.pt\/?post_type=tribe_events&#038;p=2342"},"modified":"2023-10-10T15:47:09","modified_gmt":"2023-10-10T15:47:09","slug":"peca-do-mes-fevereiro-2","status":"publish","type":"tribe_events","link":"https:\/\/ecomuseu-corvo.cultura.azores.gov.pt\/en\/evento\/peca-do-mes-fevereiro-2\/","title":{"rendered":"Pe\u00e7a do M\u00eas &#8211; fevereiro"},"content":{"rendered":"<p>A pe\u00e7a do m\u00eas de fevereiro \u00e9 dedicada \u00e0 \u00e1rea da carpintaria. Trata-se do serrote de S. Jos\u00e9!<\/p>\n<p>Este bem m\u00f3vel passou recentemente por um procedimento de desinfesta\u00e7\u00e3o com xilofene, seguido de um processo de interven\u00e7\u00e3o de conserva\u00e7\u00e3o preventiva com limpeza mec\u00e2nica da pe\u00e7a e aplica\u00e7\u00e3o de cera de abelha com aguarr\u00e1s.<br \/>\nQuem nos sabe dizer para que servia?<br \/>\nPrecisamos de ajuda na identifica\u00e7\u00e3o, bem como de informa\u00e7\u00e3o sobre a sua utiliza\u00e7\u00e3o.<br \/>\nA sua participa\u00e7\u00e3o \u00e9 muito importante para o trabalho que o Ecomuseu do Corvo est\u00e1 a realizar, no \u00e2mbito do invent\u00e1rio participativo do patrim\u00f3nio m\u00f3vel do Corvo.<br \/>\nO Ecomuseu somos todos n\u00f3s!<br \/>\nPara acompanharem o resultado dos vossos contributos deixamos o link das informa\u00e7\u00f5es recolhidas da &#8220;Pe\u00e7a do M\u00eas&#8221;:<br \/>\nhttps:\/\/padlet.com\/tatianamfragata\/sd9vd5npqbzulcoj<\/p>","protected":false},"excerpt":{"rendered":"<p>A pe\u00e7a do m\u00eas de fevereiro \u00e9 dedicada \u00e0 \u00e1rea da carpintaria. Trata-se do serrote de S. Jos\u00e9! Este bem m\u00f3vel passou recentemente por um procedimento de desinfesta\u00e7\u00e3o com xilofene, [&hellip;]<\/p>\n","protected":false},"author":3,"featured_media":2343,"template":"","meta":{"_tribe_events_status":"","_tribe_events_status_reason":"","footnotes":""},"tags":[],"tribe_events_cat":[38],"class_list":["post-2342","tribe_events","type-tribe_events","status-publish","has-post-thumbnail","hentry","tribe_events_cat-peca-do-mes","cat_peca-do-mes"],"_links":{"self":[{"href":"https:\/\/ecomuseu-corvo.cultura.azores.gov.pt\/en\/wp-json\/wp\/v2\/tribe_events\/2342","targetHints":{"allow":["GET"]}}],"collection":[{"href":"https:\/\/ecomuseu-corvo.cultura.azores.gov.pt\/en\/wp-json\/wp\/v2\/tribe_events"}],"about":[{"href":"https:\/\/ecomuseu-corvo.cultura.azores.gov.pt\/en\/wp-json\/wp\/v2\/types\/tribe_events"}],"author":[{"embeddable":true,"href":"https:\/\/ecomuseu-corvo.cultura.azores.gov.pt\/en\/wp-json\/wp\/v2\/users\/3"}],"version-history":[{"count":1,"href":"https:\/\/ecomuseu-corvo.cultura.azores.gov.pt\/en\/wp-json\/wp\/v2\/tribe_events\/2342\/revisions"}],"predecessor-version":[{"id":2344,"href":"https:\/\/ecomuseu-corvo.cultura.azores.gov.pt\/en\/wp-json\/wp\/v2\/tribe_events\/2342\/revisions\/2344"}],"wp:featuredmedia":[{"embeddable":true,"href":"https:\/\/ecomuseu-corvo.cultura.azores.gov.pt\/en\/wp-json\/wp\/v2\/media\/2343"}],"wp:attachment":[{"href":"https:\/\/ecomuseu-corvo.cultura.azores.gov.pt\/en\/wp-json\/wp\/v2\/media?parent=2342"}],"wp:term":[{"taxonomy":"post_tag","embeddable":true,"href":"https:\/\/ecomuseu-corvo.cultura.azores.gov.pt\/en\/wp-json\/wp\/v2\/tags?post=2342"},{"taxonomy":"tribe_events_cat","embeddable":true,"href":"https:\/\/ecomuseu-corvo.cultura.azores.gov.pt\/en\/wp-json\/wp\/v2\/tribe_events_cat?post=2342"}],"curies":[{"name":"wp","href":"https:\/\/api.w.org\/{rel}","templated":true}]}}

Peça do Mês &#8211; fevereiro

<p>A peça do mês de fevereiro é dedicada à área da carpintaria. Trata-se do serrote de S. José!</p>
<p>Este bem móvel passou recentemente por um procedimento de desinfestação com xilofene, seguido de um processo de intervenção de conservação preventiva com limpeza mecânica da peça e aplicação de cera de abelha com aguarrás.<br />
Quem nos sabe dizer para que servia?<br />
Precisamos de ajuda na identificação, bem como de informação sobre a sua utilização.<br />
A sua participação é muito importante para o trabalho que o Ecomuseu do Corvo está a realizar, no âmbito do inventário participativo do património móvel do Corvo.<br />
O Ecomuseu somos todos nós!<br />
Para acompanharem o resultado dos vossos contributos deixamos o link das informações recolhidas da &#8220;Peça do Mês&#8221;:<br />
https://padlet.com/tatianamfragata/sd9vd5npqbzulcoj</p>

<p>A peça do mês de fevereiro é dedicada à área da carpintaria. Trata-se do serrote de S. José! Este bem móvel passou recentemente por um procedimento de desinfestação com xilofene, [&hellip;]</p>
