{"id":2308,"date":"2022-12-14T11:50:33","date_gmt":"2022-12-14T12:50:33","guid":{"rendered":"https:\/\/ecomuseu-corvo.cultura.azores.gov.pt\/?post_type=tribe_events&#038;p=2308"},"modified":"2023-10-10T15:50:49","modified_gmt":"2023-10-10T15:50:49","slug":"ferias-de-natal-no-ecomuseu-2","status":"publish","type":"tribe_events","link":"https:\/\/ecomuseu-corvo.cultura.azores.gov.pt\/en\/evento\/ferias-de-natal-no-ecomuseu-2\/","title":{"rendered":"F\u00e9rias de Natal no Ecomuseu"},"content":{"rendered":"<p>Nas f\u00e9rias do Natal o Ecomuseu do Corvo, em articula\u00e7\u00e3o com a Biblioteca Escolar, promove atividades com as crian\u00e7as e jovens, em que se pretende estimular a imagina\u00e7\u00e3o, a criatividade e demonstrar como aprender pode ser divertido.<br \/>\nPrepar\u00e1mos um conjunto de atividades especiais alusivas \u00e0 \u00e9poca de Natal, \u00e0 educa\u00e7\u00e3o ambiental e patrimonial. Estas atividades ir\u00e3o decorrer Multiusos do Corvo nos dias 19 e 20 de dezembro, a partir das 14h30.<br \/>\nEm simult\u00e2neo decorrer\u00e1, durante toda a interrup\u00e7\u00e3o letiva do Natal, a atividade \u201cLeitura na Casa do Tempo\u201d. O Ecomuseu tem dispon\u00edveis, para todos os alunos, algumas sugest\u00f5es de leituras para a interrup\u00e7\u00e3o do Natal. Os livros poder\u00e3o ser requisitados na Casa do Tempo.<\/p>","protected":false},"excerpt":{"rendered":"<p>Nas f\u00e9rias do Natal o Ecomuseu do Corvo, em articula\u00e7\u00e3o com a Biblioteca Escolar, promove atividades com as crian\u00e7as e jovens, em que se pretende estimular a imagina\u00e7\u00e3o, a criatividade [&hellip;]<\/p>\n","protected":false},"author":3,"featured_media":2309,"template":"","meta":{"_tribe_events_status":"","_tribe_events_status_reason":"","footnotes":""},"tags":[],"tribe_events_cat":[34],"class_list":["post-2308","tribe_events","type-tribe_events","status-publish","has-post-thumbnail","hentry","tribe_events_cat-ferias-no-ecomuseu","cat_ferias-no-ecomuseu"],"_links":{"self":[{"href":"https:\/\/ecomuseu-corvo.cultura.azores.gov.pt\/en\/wp-json\/wp\/v2\/tribe_events\/2308","targetHints":{"allow":["GET"]}}],"collection":[{"href":"https:\/\/ecomuseu-corvo.cultura.azores.gov.pt\/en\/wp-json\/wp\/v2\/tribe_events"}],"about":[{"href":"https:\/\/ecomuseu-corvo.cultura.azores.gov.pt\/en\/wp-json\/wp\/v2\/types\/tribe_events"}],"author":[{"embeddable":true,"href":"https:\/\/ecomuseu-corvo.cultura.azores.gov.pt\/en\/wp-json\/wp\/v2\/users\/3"}],"version-history":[{"count":1,"href":"https:\/\/ecomuseu-corvo.cultura.azores.gov.pt\/en\/wp-json\/wp\/v2\/tribe_events\/2308\/revisions"}],"predecessor-version":[{"id":2310,"href":"https:\/\/ecomuseu-corvo.cultura.azores.gov.pt\/en\/wp-json\/wp\/v2\/tribe_events\/2308\/revisions\/2310"}],"wp:featuredmedia":[{"embeddable":true,"href":"https:\/\/ecomuseu-corvo.cultura.azores.gov.pt\/en\/wp-json\/wp\/v2\/media\/2309"}],"wp:attachment":[{"href":"https:\/\/ecomuseu-corvo.cultura.azores.gov.pt\/en\/wp-json\/wp\/v2\/media?parent=2308"}],"wp:term":[{"taxonomy":"post_tag","embeddable":true,"href":"https:\/\/ecomuseu-corvo.cultura.azores.gov.pt\/en\/wp-json\/wp\/v2\/tags?post=2308"},{"taxonomy":"tribe_events_cat","embeddable":true,"href":"https:\/\/ecomuseu-corvo.cultura.azores.gov.pt\/en\/wp-json\/wp\/v2\/tribe_events_cat?post=2308"}],"curies":[{"name":"wp","href":"https:\/\/api.w.org\/{rel}","templated":true}]}}

Férias de Natal no Ecomuseu

<p>Nas férias do Natal o Ecomuseu do Corvo, em articulação com a Biblioteca Escolar, promove atividades com as crianças e jovens, em que se pretende estimular a imaginação, a criatividade e demonstrar como aprender pode ser divertido.<br />
Preparámos um conjunto de atividades especiais alusivas à época de Natal, à educação ambiental e patrimonial. Estas atividades irão decorrer Multiusos do Corvo nos dias 19 e 20 de dezembro, a partir das 14h30.<br />
Em simultâneo decorrerá, durante toda a interrupção letiva do Natal, a atividade “Leitura na Casa do Tempo”. O Ecomuseu tem disponíveis, para todos os alunos, algumas sugestões de leituras para a interrupção do Natal. Os livros poderão ser requisitados na Casa do Tempo.</p>

<p>Nas férias do Natal o Ecomuseu do Corvo, em articulação com a Biblioteca Escolar, promove atividades com as crianças e jovens, em que se pretende estimular a imaginação, a criatividade [&hellip;]</p>
