{"id":2291,"date":"2022-11-28T12:04:21","date_gmt":"2022-11-28T13:04:21","guid":{"rendered":"https:\/\/ecomuseu-corvo.cultura.azores.gov.pt\/?post_type=tribe_events&#038;p=2291"},"modified":"2022-12-02T12:07:04","modified_gmt":"2022-12-02T13:07:04","slug":"dias-co-historia-1-de-dezembro","status":"publish","type":"tribe_events","link":"https:\/\/ecomuseu-corvo.cultura.azores.gov.pt\/en\/evento\/dias-co-historia-1-de-dezembro\/","title":{"rendered":"Dias com Hist\u00f3ria &#8211; 1 de dezembro"},"content":{"rendered":"<p>O Ecomuseu do Corvo, em parceria com a Biblioteca Escolar da EBS Mouzinho da Silveira, ir\u00e1 assinalar o 1.\u00ba de Dezembro de 1640 com v\u00e1rias atividades, que ir\u00e3o decorrer no pavilh\u00e3o multiusos, no dia 01 de dezembro, a partir das 14h30, a saber:<br \/>\nProje\u00e7\u00e3o de um document\u00e1rio sobre a Restaura\u00e7\u00e3o da Independ\u00eancia e desafios sobre a Hist\u00f3ria, nomeadamente sobre a Restaura\u00e7\u00e3o da Independ\u00eancia e do feriado que se quer assinalar.<br \/>\nCom estas atividades pretendemos promover a rela\u00e7\u00e3o Ecomuseu\/Escola\/Comunidade, dinamizar atividades de leitura e proporcionar momentos de aprendizagem de Hist\u00f3ria de uma forma l\u00fadica.<\/p>","protected":false},"excerpt":{"rendered":"<p>O Ecomuseu do Corvo, em parceria com a Biblioteca Escolar da EBS Mouzinho da Silveira, ir\u00e1 assinalar o 1.\u00ba de Dezembro de 1640 com v\u00e1rias atividades, que ir\u00e3o decorrer no [&hellip;]<\/p>\n","protected":false},"author":3,"featured_media":2292,"template":"","meta":{"_tribe_events_status":"","_tribe_events_status_reason":"","footnotes":""},"tags":[],"tribe_events_cat":[30],"class_list":["post-2291","tribe_events","type-tribe_events","status-publish","has-post-thumbnail","hentry","tribe_events_cat-servico-educativo","cat_servico-educativo"],"_links":{"self":[{"href":"https:\/\/ecomuseu-corvo.cultura.azores.gov.pt\/en\/wp-json\/wp\/v2\/tribe_events\/2291","targetHints":{"allow":["GET"]}}],"collection":[{"href":"https:\/\/ecomuseu-corvo.cultura.azores.gov.pt\/en\/wp-json\/wp\/v2\/tribe_events"}],"about":[{"href":"https:\/\/ecomuseu-corvo.cultura.azores.gov.pt\/en\/wp-json\/wp\/v2\/types\/tribe_events"}],"author":[{"embeddable":true,"href":"https:\/\/ecomuseu-corvo.cultura.azores.gov.pt\/en\/wp-json\/wp\/v2\/users\/3"}],"version-history":[{"count":2,"href":"https:\/\/ecomuseu-corvo.cultura.azores.gov.pt\/en\/wp-json\/wp\/v2\/tribe_events\/2291\/revisions"}],"predecessor-version":[{"id":2294,"href":"https:\/\/ecomuseu-corvo.cultura.azores.gov.pt\/en\/wp-json\/wp\/v2\/tribe_events\/2291\/revisions\/2294"}],"wp:featuredmedia":[{"embeddable":true,"href":"https:\/\/ecomuseu-corvo.cultura.azores.gov.pt\/en\/wp-json\/wp\/v2\/media\/2292"}],"wp:attachment":[{"href":"https:\/\/ecomuseu-corvo.cultura.azores.gov.pt\/en\/wp-json\/wp\/v2\/media?parent=2291"}],"wp:term":[{"taxonomy":"post_tag","embeddable":true,"href":"https:\/\/ecomuseu-corvo.cultura.azores.gov.pt\/en\/wp-json\/wp\/v2\/tags?post=2291"},{"taxonomy":"tribe_events_cat","embeddable":true,"href":"https:\/\/ecomuseu-corvo.cultura.azores.gov.pt\/en\/wp-json\/wp\/v2\/tribe_events_cat?post=2291"}],"curies":[{"name":"wp","href":"https:\/\/api.w.org\/{rel}","templated":true}]}}

Dias com História &#8211; 1 de dezembro

<p>O Ecomuseu do Corvo, em parceria com a Biblioteca Escolar da EBS Mouzinho da Silveira, irá assinalar o 1.º de Dezembro de 1640 com várias atividades, que irão decorrer no pavilhão multiusos, no dia 01 de dezembro, a partir das 14h30, a saber:<br />
Projeção de um documentário sobre a Restauração da Independência e desafios sobre a História, nomeadamente sobre a Restauração da Independência e do feriado que se quer assinalar.<br />
Com estas atividades pretendemos promover a relação Ecomuseu/Escola/Comunidade, dinamizar atividades de leitura e proporcionar momentos de aprendizagem de História de uma forma lúdica.</p>

<p>O Ecomuseu do Corvo, em parceria com a Biblioteca Escolar da EBS Mouzinho da Silveira, irá assinalar o 1.º de Dezembro de 1640 com várias atividades, que irão decorrer no [&hellip;]</p>
