{"id":2238,"date":"2022-10-24T10:27:17","date_gmt":"2022-10-24T10:27:17","guid":{"rendered":"https:\/\/ecomuseu-corvo.cultura.azores.gov.pt\/?post_type=tribe_events&#038;p=2238"},"modified":"2022-10-31T10:28:53","modified_gmt":"2022-10-31T11:28:53","slug":"falar-corvino-24-de-outubro","status":"publish","type":"tribe_events","link":"https:\/\/ecomuseu-corvo.cultura.azores.gov.pt\/en\/evento\/falar-corvino-24-de-outubro\/","title":{"rendered":"Falar Corvino &#8211; 24 de outubro"},"content":{"rendered":"<p>Um in\u00edcio da semana sem o desafio &#8220;Falar Corvino&#8221; n\u00e3o \u00e9 o mesmo.<\/p>\n<p>Quem tiver sugest\u00f5es por favor entre em contacto connosco.<br \/>\nObrigada a todos pela participa\u00e7\u00e3o e pelos contributos que nos t\u00eam enviado.<br \/>\nPara acompanharem o resultado dos vossos contributos deixamos o link do gloss\u00e1rio &#8220;Falar Corvino&#8221;: https:\/\/padlet.com\/ecomuseu\/5zdomsu4rcejijqy<br \/>\nVotos de um bom feriado e de uma boa semana para todos!<\/p>\n<p><img loading=\"lazy\" decoding=\"async\" class=\"alignnone size-medium wp-image-2239\" src=\"https:\/\/ecomuseu-corvo.cultura.azores.gov.pt\/wp-content\/uploads\/2022\/10\/38-300x300.png\" alt=\"\" width=\"300\" height=\"300\" srcset=\"https:\/\/ecomuseu-corvo.cultura.azores.gov.pt\/wp-content\/uploads\/2022\/10\/38-300x300.png 300w, https:\/\/ecomuseu-corvo.cultura.azores.gov.pt\/wp-content\/uploads\/2022\/10\/38-150x150.png 150w, https:\/\/ecomuseu-corvo.cultura.azores.gov.pt\/wp-content\/uploads\/2022\/10\/38-768x768.png 768w, https:\/\/ecomuseu-corvo.cultura.azores.gov.pt\/wp-content\/uploads\/2022\/10\/38-12x12.png 12w, https:\/\/ecomuseu-corvo.cultura.azores.gov.pt\/wp-content\/uploads\/2022\/10\/38.png 800w\" sizes=\"auto, (max-width: 300px) 100vw, 300px\" \/><\/p>","protected":false},"excerpt":{"rendered":"<p>Um in\u00edcio da semana sem o desafio &#8220;Falar Corvino&#8221; n\u00e3o \u00e9 o mesmo. Quem tiver sugest\u00f5es por favor entre em contacto connosco. Obrigada a todos pela participa\u00e7\u00e3o e pelos contributos [&hellip;]<\/p>\n","protected":false},"author":3,"featured_media":1939,"template":"","meta":{"_tribe_events_status":"","_tribe_events_status_reason":"","footnotes":""},"tags":[],"tribe_events_cat":[37],"class_list":["post-2238","tribe_events","type-tribe_events","status-publish","has-post-thumbnail","hentry","tribe_events_cat-falar-corvino","cat_falar-corvino"],"_links":{"self":[{"href":"https:\/\/ecomuseu-corvo.cultura.azores.gov.pt\/en\/wp-json\/wp\/v2\/tribe_events\/2238","targetHints":{"allow":["GET"]}}],"collection":[{"href":"https:\/\/ecomuseu-corvo.cultura.azores.gov.pt\/en\/wp-json\/wp\/v2\/tribe_events"}],"about":[{"href":"https:\/\/ecomuseu-corvo.cultura.azores.gov.pt\/en\/wp-json\/wp\/v2\/types\/tribe_events"}],"author":[{"embeddable":true,"href":"https:\/\/ecomuseu-corvo.cultura.azores.gov.pt\/en\/wp-json\/wp\/v2\/users\/3"}],"version-history":[{"count":1,"href":"https:\/\/ecomuseu-corvo.cultura.azores.gov.pt\/en\/wp-json\/wp\/v2\/tribe_events\/2238\/revisions"}],"predecessor-version":[{"id":2240,"href":"https:\/\/ecomuseu-corvo.cultura.azores.gov.pt\/en\/wp-json\/wp\/v2\/tribe_events\/2238\/revisions\/2240"}],"wp:featuredmedia":[{"embeddable":true,"href":"https:\/\/ecomuseu-corvo.cultura.azores.gov.pt\/en\/wp-json\/wp\/v2\/media\/1939"}],"wp:attachment":[{"href":"https:\/\/ecomuseu-corvo.cultura.azores.gov.pt\/en\/wp-json\/wp\/v2\/media?parent=2238"}],"wp:term":[{"taxonomy":"post_tag","embeddable":true,"href":"https:\/\/ecomuseu-corvo.cultura.azores.gov.pt\/en\/wp-json\/wp\/v2\/tags?post=2238"},{"taxonomy":"tribe_events_cat","embeddable":true,"href":"https:\/\/ecomuseu-corvo.cultura.azores.gov.pt\/en\/wp-json\/wp\/v2\/tribe_events_cat?post=2238"}],"curies":[{"name":"wp","href":"https:\/\/api.w.org\/{rel}","templated":true}]}}

<p>Um início da semana sem o desafio &#8220;Falar Corvino&#8221; não é o mesmo.</p>
<p>Quem tiver sugestões por favor entre em contacto connosco.<br />
Obrigada a todos pela participação e pelos contributos que nos têm enviado.<br />
Para acompanharem o resultado dos vossos contributos deixamos o link do glossário &#8220;Falar Corvino&#8221;: https://padlet.com/ecomuseu/5zdomsu4rcejijqy<br />
Votos de um bom feriado e de uma boa semana para todos!</p>
<p><img loading="lazy" decoding="async" class="alignnone size-medium wp-image-2239" src="https://ecomuseu-corvo.cultura.azores.gov.pt/wp-content/uploads/2022/10/38-300x300.png" alt="" width="300" height="300" srcset="https://ecomuseu-corvo.cultura.azores.gov.pt/wp-content/uploads/2022/10/38-300x300.png 300w, https://ecomuseu-corvo.cultura.azores.gov.pt/wp-content/uploads/2022/10/38-150x150.png 150w, https://ecomuseu-corvo.cultura.azores.gov.pt/wp-content/uploads/2022/10/38-768x768.png 768w, https://ecomuseu-corvo.cultura.azores.gov.pt/wp-content/uploads/2022/10/38-12x12.png 12w, https://ecomuseu-corvo.cultura.azores.gov.pt/wp-content/uploads/2022/10/38.png 800w" sizes="auto, (max-width: 300px) 100vw, 300px" /></p>

<p>Um início da semana sem o desafio &#8220;Falar Corvino&#8221; não é o mesmo. Quem tiver sugestões por favor entre em contacto connosco. Obrigada a todos pela participação e pelos contributos [&hellip;]</p>
