{"id":2056,"date":"2022-09-22T14:41:53","date_gmt":"2022-09-22T14:41:53","guid":{"rendered":"https:\/\/ecomuseu-corvo.cultura.azores.gov.pt\/?post_type=tribe_events&#038;p=2056"},"modified":"2022-10-31T10:13:06","modified_gmt":"2022-10-31T11:13:06","slug":"cinema-entre-ilhas","status":"publish","type":"tribe_events","link":"https:\/\/ecomuseu-corvo.cultura.azores.gov.pt\/en\/evento\/cinema-entre-ilhas\/","title":{"rendered":"Cinema &#8211; &#8220;Entre Ilhas&#8221;"},"content":{"rendered":"<p>Devido \u00e0s previs\u00f5es meteorol\u00f3gicas, que preveem um agravamento do estado do tempo para hoje e amanh\u00e3, informa-se que a exibi\u00e7\u00e3o do filme &#8220;Entre Ilhas&#8221;, de Amaya Sumpsi, calendarizada para amanh\u00e3, dia 25 de setembro, \u00e0s 21h00, ser\u00e1 adiada para uma dataser\u00e1 anunciada brevemente.<\/p>\n<p>&#8220;Entre Ilhas&#8221; de Amaya Sumpsi | Document\u00e1rio [Doc \/\/ PT \/\/ 2022 \/\/ 76\u2019 \/\/ M12]<br \/>\nTrailer &#8211; https:\/\/vimeo.com\/716219446<br \/>\n+ infos &#8211; https:\/\/cedroplatano.pt\/Entre-Ilhas<br \/>\n25 de setembro, pelas 21:00| Multiusos do Corvo |Entrada Gratuita<br \/>\nA Secretaria Regional da Educa\u00e7\u00e3o e Assuntos Culturais, por via da Dire\u00e7\u00e3o Regional dos Assuntos Culturais (DRAC), atrav\u00e9s do Ecomuseu do Corvo, promovem a apresenta\u00e7\u00e3o do document\u00e1rio \u201cENTRE ILHAS\u201d de Amaya Sumpsi.<br \/>\n\u201cEntre Ilhas\u201d foi realizado no A\u00e7ores e estreou, a 30 de junho, nas salas de cinema portuguesas. Nos A\u00e7ores contou com uma antestreia, no dia 08 de junho, na ilha do Faial.<br \/>\nEste \u00e9 um filme-viagem e um retrato das nove ilhas do arquip\u00e9lago dos A\u00e7ores. De acordo com a realizadora, o filme \u201ctransporta-nos a uma \u00e9poca em que os barcos comandavam a vida deste remoto arquip\u00e9lago, pois s\u00f3 a bordo deles \u00e9 que era poss\u00edvel partir da ilha e voltar a ela\u201d. Atrav\u00e9s dos relatos dos ilh\u00e9us, o filme navega de ilha para ilha \u2013 a bordo dos iates Pareces, dos iates do Pico, como o Santo Amaro, o Esp\u00edrito Santo e o Terra Alta \u2013, e dos barcos da Empresa Insulana de Navega\u00e7\u00e3o \u2013 o Carvalho Ara\u00fajo, o Lima, o Arnel ou o Ponta Delgada \u2013 \u00e0 procura da mem\u00f3ria coletiva de comandantes e despenseiros, enjoos e namoros, tempestades dif\u00edceis e bailes a bordo.<br \/>\nA par da exibi\u00e7\u00e3o do document\u00e1rio, Amaya Sumpsi est\u00e1 a preparar, em colabora\u00e7\u00e3o com os museus regionais, um trabalho de recolha de patrim\u00f3nio imaterial dos A\u00e7ores relacionado com o mar. Para isso, espera poder contar com a colabora\u00e7\u00e3o dos corvinos que queiram partilhar fotografias ou testemunhos sobre estas travessias mar\u00edtimas.<br \/>\nSINOPSE<br \/>\nA bordo do cruzeiro \u201cExpress Santorini\u201d, \u201cEntre Ilhas\u201d percorre o arquip\u00e9lago dos A\u00e7ores, atrav\u00e9s de di\u00e1rios, imagens de arquivo e relatos de viajantes, de marinheiros e dos a\u00e7orianos, centrados numa \u00e9poca em que o mar era um espa\u00e7o comunit\u00e1rio e social significativo. Ser\u00e1 que o mar aproxima, ou ser\u00e1 que afasta?<br \/>\nFICHA T\u00c9CNICA<br \/>\nRealiza\u00e7\u00e3o, Imagem &#8211; Amaya Sumpsi<br \/>\nSom, Assistente Realiza\u00e7\u00e3o &#8211; Eduardo Ventura<br \/>\nMontagem &#8211; Rita Figueiredo, Amaya Sumpsi e Pedro Gancho<br \/>\nMontagem Som e Mistura &#8211; Hugo Leit\u00e3o<br \/>\nDir. Produ\u00e7\u00e3o &#8211; Diana Diegues e Renata Sancho<br \/>\nProdu\u00e7\u00e3o &#8211; Cedro Pl\u00e1tano<br \/>\nDistribui\u00e7\u00e3o Portugal &#8211; Zero em Comportamento<br \/>\nApoios &#8211; ICA, RTP, Dire\u00e7\u00e3o Regional dos Assuntos Culturais, Atlanticoline, CRIA,<br \/>\nAssembleia Legislativa da Regi\u00e3o Aut\u00f3noma dos A\u00e7ores, Grupo Bensaude<br \/>\nSobre a realizadora<br \/>\nAmaya Sumpsi \u00e9 realizadora e antrop\u00f3loga visual. Integra, desde 2017, a coordena\u00e7\u00e3o do NAVA \u2013 N\u00facleo de Antropologia Visual e Artes (CRIA-UNL\/ISCTE). O seu primeiro document\u00e1rio \u201cMeu pescador, meu velho\u201d estreou no Festival de Cinema do Royal Anthropological Institute (Edimburgo, 2013) e foi selecionado para numerosos festivais de cinema etnogr\u00e1ficos internacionais. Em Portugal, ganhou o pr\u00e9mio Camacho Costa para o melhor document\u00e1rio lus\u00f3fono do festival Cine Eco-Seia (2013).<br \/>\nEm 2018, realizou juntamente com uma equipa de antrop\u00f3logos \u201cUm Ramad\u00e3o em<br \/>\nLisboa\u201d, um document\u00e1rio colaborativo que teve estreia no festival IndieLisboa (2019)<br \/>\ne exibi\u00e7\u00e3o no canal p\u00fablico RTP 2 (2021). \u00c9 curadora de v\u00e1rios festivais de cinema etnogr\u00e1ficos e, neste momento, est\u00e1 a desenvolver o projeto de longa-metragem \u201crota<br \/>\n5\u201d, uma coprodu\u00e7\u00e3o entre Espanha e Portugal.<\/p>\n","protected":false},"excerpt":{"rendered":"<p>Devido \u00e0s previs\u00f5es meteorol\u00f3gicas, que preveem um agravamento do estado do tempo para hoje e amanh\u00e3, informa-se que a exibi\u00e7\u00e3o do filme &#8220;Entre Ilhas&#8221;, de Amaya Sumpsi, calendarizada para amanh\u00e3, [&hellip;]<\/p>\n","protected":false},"author":3,"featured_media":2057,"template":"","meta":{"_tribe_events_status":"","_tribe_events_status_reason":"","footnotes":""},"tags":[],"tribe_events_cat":[39],"class_list":["post-2056","tribe_events","type-tribe_events","status-publish","has-post-thumbnail","hentry","tribe_events_cat-cinema","cat_cinema"],"_links":{"self":[{"href":"https:\/\/ecomuseu-corvo.cultura.azores.gov.pt\/en\/wp-json\/wp\/v2\/tribe_events\/2056","targetHints":{"allow":["GET"]}}],"collection":[{"href":"https:\/\/ecomuseu-corvo.cultura.azores.gov.pt\/en\/wp-json\/wp\/v2\/tribe_events"}],"about":[{"href":"https:\/\/ecomuseu-corvo.cultura.azores.gov.pt\/en\/wp-json\/wp\/v2\/types\/tribe_events"}],"author":[{"embeddable":true,"href":"https:\/\/ecomuseu-corvo.cultura.azores.gov.pt\/en\/wp-json\/wp\/v2\/users\/3"}],"version-history":[{"count":1,"href":"https:\/\/ecomuseu-corvo.cultura.azores.gov.pt\/en\/wp-json\/wp\/v2\/tribe_events\/2056\/revisions"}],"predecessor-version":[{"id":2058,"href":"https:\/\/ecomuseu-corvo.cultura.azores.gov.pt\/en\/wp-json\/wp\/v2\/tribe_events\/2056\/revisions\/2058"}],"wp:featuredmedia":[{"embeddable":true,"href":"https:\/\/ecomuseu-corvo.cultura.azores.gov.pt\/en\/wp-json\/wp\/v2\/media\/2057"}],"wp:attachment":[{"href":"https:\/\/ecomuseu-corvo.cultura.azores.gov.pt\/en\/wp-json\/wp\/v2\/media?parent=2056"}],"wp:term":[{"taxonomy":"post_tag","embeddable":true,"href":"https:\/\/ecomuseu-corvo.cultura.azores.gov.pt\/en\/wp-json\/wp\/v2\/tags?post=2056"},{"taxonomy":"tribe_events_cat","embeddable":true,"href":"https:\/\/ecomuseu-corvo.cultura.azores.gov.pt\/en\/wp-json\/wp\/v2\/tribe_events_cat?post=2056"}],"curies":[{"name":"wp","href":"https:\/\/api.w.org\/{rel}","templated":true}]}}

<p>Devido às previsões meteorológicas, que preveem um agravamento do estado do tempo para hoje e amanhã, informa-se que a exibição do filme &#8220;Entre Ilhas&#8221;, de Amaya Sumpsi, calendarizada para amanhã, dia 25 de setembro, às 21h00, será adiada para uma dataserá anunciada brevemente.</p>
<p>&#8220;Entre Ilhas&#8221; de Amaya Sumpsi | Documentário [Doc // PT // 2022 // 76’ // M12]<br />
Trailer &#8211; https://vimeo.com/716219446<br />
+ infos &#8211; https://cedroplatano.pt/Entre-Ilhas<br />
25 de setembro, pelas 21:00| Multiusos do Corvo |Entrada Gratuita<br />
A Secretaria Regional da Educação e Assuntos Culturais, por via da Direção Regional dos Assuntos Culturais (DRAC), através do Ecomuseu do Corvo, promovem a apresentação do documentário “ENTRE ILHAS” de Amaya Sumpsi.<br />
“Entre Ilhas” foi realizado no Açores e estreou, a 30 de junho, nas salas de cinema portuguesas. Nos Açores contou com uma antestreia, no dia 08 de junho, na ilha do Faial.<br />
Este é um filme-viagem e um retrato das nove ilhas do arquipélago dos Açores. De acordo com a realizadora, o filme “transporta-nos a uma época em que os barcos comandavam a vida deste remoto arquipélago, pois só a bordo deles é que era possível partir da ilha e voltar a ela”. Através dos relatos dos ilhéus, o filme navega de ilha para ilha – a bordo dos iates Pareces, dos iates do Pico, como o Santo Amaro, o Espírito Santo e o Terra Alta –, e dos barcos da Empresa Insulana de Navegação – o Carvalho Araújo, o Lima, o Arnel ou o Ponta Delgada – à procura da memória coletiva de comandantes e despenseiros, enjoos e namoros, tempestades difíceis e bailes a bordo.<br />
A par da exibição do documentário, Amaya Sumpsi está a preparar, em colaboração com os museus regionais, um trabalho de recolha de património imaterial dos Açores relacionado com o mar. Para isso, espera poder contar com a colaboração dos corvinos que queiram partilhar fotografias ou testemunhos sobre estas travessias marítimas.<br />
SINOPSE<br />
A bordo do cruzeiro “Express Santorini”, “Entre Ilhas” percorre o arquipélago dos Açores, através de diários, imagens de arquivo e relatos de viajantes, de marinheiros e dos açorianos, centrados numa época em que o mar era um espaço comunitário e social significativo. Será que o mar aproxima, ou será que afasta?<br />
FICHA TÉCNICA<br />
Realização, Imagem &#8211; Amaya Sumpsi<br />
Som, Assistente Realização &#8211; Eduardo Ventura<br />
Montagem &#8211; Rita Figueiredo, Amaya Sumpsi e Pedro Gancho<br />
Montagem Som e Mistura &#8211; Hugo Leitão<br />
Dir. Produção &#8211; Diana Diegues e Renata Sancho<br />
Produção &#8211; Cedro Plátano<br />
Distribuição Portugal &#8211; Zero em Comportamento<br />
Apoios &#8211; ICA, RTP, Direção Regional dos Assuntos Culturais, Atlanticoline, CRIA,<br />
Assembleia Legislativa da Região Autónoma dos Açores, Grupo Bensaude<br />
Sobre a realizadora<br />
Amaya Sumpsi é realizadora e antropóloga visual. Integra, desde 2017, a coordenação do NAVA – Núcleo de Antropologia Visual e Artes (CRIA-UNL/ISCTE). O seu primeiro documentário “Meu pescador, meu velho” estreou no Festival de Cinema do Royal Anthropological Institute (Edimburgo, 2013) e foi selecionado para numerosos festivais de cinema etnográficos internacionais. Em Portugal, ganhou o prémio Camacho Costa para o melhor documentário lusófono do festival Cine Eco-Seia (2013).<br />
Em 2018, realizou juntamente com uma equipa de antropólogos “Um Ramadão em<br />
Lisboa”, um documentário colaborativo que teve estreia no festival IndieLisboa (2019)<br />
e exibição no canal público RTP 2 (2021). É curadora de vários festivais de cinema etnográficos e, neste momento, está a desenvolver o projeto de longa-metragem “rota<br />
5”, uma coprodução entre Espanha e Portugal.</p>

<p>Devido às previsões meteorológicas, que preveem um agravamento do estado do tempo para hoje e amanhã, informa-se que a exibição do filme &#8220;Entre Ilhas&#8221;, de Amaya Sumpsi, calendarizada para amanhã, [&hellip;]</p>
