{"id":1983,"date":"2022-07-03T16:33:30","date_gmt":"2022-07-03T16:33:30","guid":{"rendered":"https:\/\/ecomuseu-corvo.cultura.azores.gov.pt\/?post_type=tribe_events&#038;p=1983"},"modified":"2022-09-12T16:35:07","modified_gmt":"2022-09-12T16:35:07","slug":"ferias-no-ecomuseu-2","status":"publish","type":"tribe_events","link":"https:\/\/ecomuseu-corvo.cultura.azores.gov.pt\/en\/evento\/ferias-no-ecomuseu-2\/","title":{"rendered":"F\u00e9rias no Ecomuseu"},"content":{"rendered":"<p>Este ver\u00e3o o Ecomuseu promove atividades de ocupa\u00e7\u00e3o dos tempos livres para os mais jovens.<br \/>\nTemos um programa diversificado, para tal bastar\u00e1 fazer a inscri\u00e7\u00e3o do seu educando junto dos nossos servi\u00e7os. Poder\u00e1, tamb\u00e9m, preencher o formul\u00e1rio online: https:\/\/forms.office.com\/r\/TGDxeWRWJs<br \/>\nEcomuseu.corvo.info@azores.gov<br \/>\n292596063<br \/>\nCalend\u00e1rio das atividades:<br \/>\n3.\u00aa feira (apenas a partir do dia 12\/07) | das 09h30 \u00e0s 11h30 &#8211; &#8220;Leitura na praia&#8221;- Aconselha-se que levem chap\u00e9u, protetor solar, toalha de praia e \u00e1gua. Local de encontro: Casa do Tempo<br \/>\n4.\u00aa feira (apenas a partir do dia 13\/07)| Das 14h30 at\u00e9 \u00e0s 16h00 &#8211; Oficina de Pintura e jogos did\u00e1ticos- Realiza\u00e7\u00e3o de pinturas sobre a hist\u00f3ria lida na ter\u00e7a-feira e realiza\u00e7\u00e3o de jogos did\u00e1ticos sobre o patrim\u00f3nio. Local de encontro: Multiusos<br \/>\n5.\u00aa feira a partir das 09h30, com in\u00edcio a 07 de de julho &#8211; \u201cCaminhadas \u00e0 quinta\u201d. Iremos fazer uma descida ao Caldeir\u00e3o do Corvo e uma a\u00e7\u00e3o de sensibiliza\u00e7\u00e3o pelo clima: \u201cMarcha Azul pelo Clima\u201d, no dia 07 de julho. Tamb\u00e9m iremos desenvolver outras a\u00e7\u00f5es de sensibiliza\u00e7\u00e3o ambiental, nomeadamente a organiza\u00e7\u00e3o de alguns trilhos. Quando o tempo n\u00e3o o permita realizaremos outras a\u00e7\u00f5es educativas. Quando se trate de percursos pedestres ao Caldeir\u00e3o ou \u00e0 Cara do \u00cdndio s\u00f3 poder\u00e3o participar crian\u00e7as a partir dos 9 anos de idade. Semanalmente anunciaremos, na nossa p\u00e1gina do facebook, as caminhadas que iremos realizar. Local de encontro: Largo do Ribeir\u00e3o<br \/>\n6.\u00aa feira, das 14h30 \u00e0s 16h00, com in\u00edcio no dia 08 de julho &#8211; Cinema \u00e0 sexta com pipocas e oficina de express\u00f5es. Local de encontro: Multiusos<\/p>","protected":false},"excerpt":{"rendered":"<p>Este ver\u00e3o o Ecomuseu promove atividades de ocupa\u00e7\u00e3o dos tempos livres para os mais jovens. Temos um programa diversificado, para tal bastar\u00e1 fazer a inscri\u00e7\u00e3o do seu educando junto dos [&hellip;]<\/p>\n","protected":false},"author":3,"featured_media":1984,"template":"","meta":{"_tribe_events_status":"","_tribe_events_status_reason":"","footnotes":""},"tags":[],"tribe_events_cat":[34],"class_list":["post-1983","tribe_events","type-tribe_events","status-publish","has-post-thumbnail","hentry","tribe_events_cat-ferias-no-ecomuseu","cat_ferias-no-ecomuseu"],"_links":{"self":[{"href":"https:\/\/ecomuseu-corvo.cultura.azores.gov.pt\/en\/wp-json\/wp\/v2\/tribe_events\/1983","targetHints":{"allow":["GET"]}}],"collection":[{"href":"https:\/\/ecomuseu-corvo.cultura.azores.gov.pt\/en\/wp-json\/wp\/v2\/tribe_events"}],"about":[{"href":"https:\/\/ecomuseu-corvo.cultura.azores.gov.pt\/en\/wp-json\/wp\/v2\/types\/tribe_events"}],"author":[{"embeddable":true,"href":"https:\/\/ecomuseu-corvo.cultura.azores.gov.pt\/en\/wp-json\/wp\/v2\/users\/3"}],"version-history":[{"count":1,"href":"https:\/\/ecomuseu-corvo.cultura.azores.gov.pt\/en\/wp-json\/wp\/v2\/tribe_events\/1983\/revisions"}],"predecessor-version":[{"id":1985,"href":"https:\/\/ecomuseu-corvo.cultura.azores.gov.pt\/en\/wp-json\/wp\/v2\/tribe_events\/1983\/revisions\/1985"}],"wp:featuredmedia":[{"embeddable":true,"href":"https:\/\/ecomuseu-corvo.cultura.azores.gov.pt\/en\/wp-json\/wp\/v2\/media\/1984"}],"wp:attachment":[{"href":"https:\/\/ecomuseu-corvo.cultura.azores.gov.pt\/en\/wp-json\/wp\/v2\/media?parent=1983"}],"wp:term":[{"taxonomy":"post_tag","embeddable":true,"href":"https:\/\/ecomuseu-corvo.cultura.azores.gov.pt\/en\/wp-json\/wp\/v2\/tags?post=1983"},{"taxonomy":"tribe_events_cat","embeddable":true,"href":"https:\/\/ecomuseu-corvo.cultura.azores.gov.pt\/en\/wp-json\/wp\/v2\/tribe_events_cat?post=1983"}],"curies":[{"name":"wp","href":"https:\/\/api.w.org\/{rel}","templated":true}]}}

Férias no Ecomuseu

<p>Este verão o Ecomuseu promove atividades de ocupação dos tempos livres para os mais jovens.<br />
Temos um programa diversificado, para tal bastará fazer a inscrição do seu educando junto dos nossos serviços. Poderá, também, preencher o formulário online: https://forms.office.com/r/TGDxeWRWJs<br />
Ecomuseu.corvo.info@azores.gov<br />
292596063<br />
Calendário das atividades:<br />
3.ª feira (apenas a partir do dia 12/07) | das 09h30 às 11h30 &#8211; &#8220;Leitura na praia&#8221;- Aconselha-se que levem chapéu, protetor solar, toalha de praia e água. Local de encontro: Casa do Tempo<br />
4.ª feira (apenas a partir do dia 13/07)| Das 14h30 até às 16h00 &#8211; Oficina de Pintura e jogos didáticos- Realização de pinturas sobre a história lida na terça-feira e realização de jogos didáticos sobre o património. Local de encontro: Multiusos<br />
5.ª feira a partir das 09h30, com início a 07 de de julho &#8211; “Caminhadas à quinta”. Iremos fazer uma descida ao Caldeirão do Corvo e uma ação de sensibilização pelo clima: “Marcha Azul pelo Clima”, no dia 07 de julho. Também iremos desenvolver outras ações de sensibilização ambiental, nomeadamente a organização de alguns trilhos. Quando o tempo não o permita realizaremos outras ações educativas. Quando se trate de percursos pedestres ao Caldeirão ou à Cara do Índio só poderão participar crianças a partir dos 9 anos de idade. Semanalmente anunciaremos, na nossa página do facebook, as caminhadas que iremos realizar. Local de encontro: Largo do Ribeirão<br />
6.ª feira, das 14h30 às 16h00, com início no dia 08 de julho &#8211; Cinema à sexta com pipocas e oficina de expressões. Local de encontro: Multiusos</p>

<p>Este verão o Ecomuseu promove atividades de ocupação dos tempos livres para os mais jovens. Temos um programa diversificado, para tal bastará fazer a inscrição do seu educando junto dos [&hellip;]</p>
