{"id":1950,"date":"2022-08-20T15:58:25","date_gmt":"2022-08-20T15:58:25","guid":{"rendered":"https:\/\/ecomuseu-corvo.cultura.azores.gov.pt\/?post_type=tribe_events&#038;p=1950"},"modified":"2022-09-12T16:00:22","modified_gmt":"2022-09-12T16:00:22","slug":"concerto-com-isabel-mesquita","status":"publish","type":"tribe_events","link":"https:\/\/ecomuseu-corvo.cultura.azores.gov.pt\/en\/evento\/concerto-com-isabel-mesquita\/","title":{"rendered":"Concerto com Isabel Mesquita"},"content":{"rendered":"<p>No pr\u00f3ximo dia 25 de agosto, pelas 21:30, o Ecomuseu do Corvo dinamiza as \u201cNoites de Rua cheia\u201d, no Largo do Outeiro, onde Isabel Mesquita apresentar\u00e1 o seu disco, intitulado \u201cIlh\u00e9u\u201d.<br \/>\nIsabel Mesquita \u00e9 uma cantora, natural da ilha de Santa Maria. \u00c9 nesta ilha que inicia a sua experi\u00eancia pelo mundo da m\u00fasica. Os seus temas t\u00eam a influ\u00eancia do atl\u00e2ntico e inspira\u00e7\u00f5es da lusofonia. Canta temas originais com poemas da sua autoria, mas tamb\u00e9m de Nat\u00e1lia Correia, Florbela Espanca, Paulo Ramalho e Daniel Gon\u00e7alves.<br \/>\nCaso o tempo n\u00e3o permita a realiza\u00e7\u00e3o do concerto ao ar livre, o mesmo ser\u00e1 realizado no Multiusos.<\/p>","protected":false},"excerpt":{"rendered":"<p>No pr\u00f3ximo dia 25 de agosto, pelas 21:30, o Ecomuseu do Corvo dinamiza as \u201cNoites de Rua cheia\u201d, no Largo do Outeiro, onde Isabel Mesquita apresentar\u00e1 o seu disco, intitulado [&hellip;]<\/p>\n","protected":false},"author":3,"featured_media":1951,"template":"","meta":{"_tribe_events_status":"","_tribe_events_status_reason":"","footnotes":""},"tags":[],"tribe_events_cat":[47],"class_list":["post-1950","tribe_events","type-tribe_events","status-publish","has-post-thumbnail","hentry","tribe_events_cat-concerto","cat_concerto"],"_links":{"self":[{"href":"https:\/\/ecomuseu-corvo.cultura.azores.gov.pt\/en\/wp-json\/wp\/v2\/tribe_events\/1950","targetHints":{"allow":["GET"]}}],"collection":[{"href":"https:\/\/ecomuseu-corvo.cultura.azores.gov.pt\/en\/wp-json\/wp\/v2\/tribe_events"}],"about":[{"href":"https:\/\/ecomuseu-corvo.cultura.azores.gov.pt\/en\/wp-json\/wp\/v2\/types\/tribe_events"}],"author":[{"embeddable":true,"href":"https:\/\/ecomuseu-corvo.cultura.azores.gov.pt\/en\/wp-json\/wp\/v2\/users\/3"}],"version-history":[{"count":1,"href":"https:\/\/ecomuseu-corvo.cultura.azores.gov.pt\/en\/wp-json\/wp\/v2\/tribe_events\/1950\/revisions"}],"predecessor-version":[{"id":1952,"href":"https:\/\/ecomuseu-corvo.cultura.azores.gov.pt\/en\/wp-json\/wp\/v2\/tribe_events\/1950\/revisions\/1952"}],"wp:featuredmedia":[{"embeddable":true,"href":"https:\/\/ecomuseu-corvo.cultura.azores.gov.pt\/en\/wp-json\/wp\/v2\/media\/1951"}],"wp:attachment":[{"href":"https:\/\/ecomuseu-corvo.cultura.azores.gov.pt\/en\/wp-json\/wp\/v2\/media?parent=1950"}],"wp:term":[{"taxonomy":"post_tag","embeddable":true,"href":"https:\/\/ecomuseu-corvo.cultura.azores.gov.pt\/en\/wp-json\/wp\/v2\/tags?post=1950"},{"taxonomy":"tribe_events_cat","embeddable":true,"href":"https:\/\/ecomuseu-corvo.cultura.azores.gov.pt\/en\/wp-json\/wp\/v2\/tribe_events_cat?post=1950"}],"curies":[{"name":"wp","href":"https:\/\/api.w.org\/{rel}","templated":true}]}}

<p>No próximo dia 25 de agosto, pelas 21:30, o Ecomuseu do Corvo dinamiza as “Noites de Rua cheia”, no Largo do Outeiro, onde Isabel Mesquita apresentará o seu disco, intitulado “Ilhéu”.<br />
Isabel Mesquita é uma cantora, natural da ilha de Santa Maria. É nesta ilha que inicia a sua experiência pelo mundo da música. Os seus temas têm a influência do atlântico e inspirações da lusofonia. Canta temas originais com poemas da sua autoria, mas também de Natália Correia, Florbela Espanca, Paulo Ramalho e Daniel Gonçalves.<br />
Caso o tempo não permita a realização do concerto ao ar livre, o mesmo será realizado no Multiusos.</p>

<p>No próximo dia 25 de agosto, pelas 21:30, o Ecomuseu do Corvo dinamiza as “Noites de Rua cheia”, no Largo do Outeiro, onde Isabel Mesquita apresentará o seu disco, intitulado [&hellip;]</p>
