{"id":1942,"date":"2022-09-01T15:49:56","date_gmt":"2022-09-01T15:49:56","guid":{"rendered":"https:\/\/ecomuseu-corvo.cultura.azores.gov.pt\/?post_type=tribe_events&#038;p=1942"},"modified":"2022-09-12T15:54:24","modified_gmt":"2022-09-12T15:54:24","slug":"documentario-pedro-da-silveira","status":"publish","type":"tribe_events","link":"https:\/\/ecomuseu-corvo.cultura.azores.gov.pt\/en\/evento\/documentario-pedro-da-silveira\/","title":{"rendered":"Document\u00e1rio &#8211; Pedro da Silveira"},"content":{"rendered":"<p>No \u00e2mbito das celebra\u00e7\u00f5es do centen\u00e1rio do nascimento de Pedro da Silveira, a Dire\u00e7\u00e3o Regional dos Assuntos Culturais promove no dia 5 de setembro (dia do nascimento de Pedro da Silveira) em simult\u00e2neo nas nove ilhas dos A\u00e7ores a exibi\u00e7\u00e3o do document\u00e1rio &#8220;Os Livros que Ficaram por Ler&#8221; sobre a sua vida e obra.<\/p>","protected":false},"excerpt":{"rendered":"<p>No \u00e2mbito das celebra\u00e7\u00f5es do centen\u00e1rio do nascimento de Pedro da Silveira, a Dire\u00e7\u00e3o Regional dos Assuntos Culturais promove no dia 5 de setembro (dia do nascimento de Pedro da [&hellip;]<\/p>\n","protected":false},"author":3,"featured_media":1943,"template":"","meta":{"_tribe_events_status":"","_tribe_events_status_reason":"","footnotes":""},"tags":[],"tribe_events_cat":[39],"class_list":["post-1942","tribe_events","type-tribe_events","status-publish","has-post-thumbnail","hentry","tribe_events_cat-cinema","cat_cinema"],"_links":{"self":[{"href":"https:\/\/ecomuseu-corvo.cultura.azores.gov.pt\/en\/wp-json\/wp\/v2\/tribe_events\/1942","targetHints":{"allow":["GET"]}}],"collection":[{"href":"https:\/\/ecomuseu-corvo.cultura.azores.gov.pt\/en\/wp-json\/wp\/v2\/tribe_events"}],"about":[{"href":"https:\/\/ecomuseu-corvo.cultura.azores.gov.pt\/en\/wp-json\/wp\/v2\/types\/tribe_events"}],"author":[{"embeddable":true,"href":"https:\/\/ecomuseu-corvo.cultura.azores.gov.pt\/en\/wp-json\/wp\/v2\/users\/3"}],"version-history":[{"count":1,"href":"https:\/\/ecomuseu-corvo.cultura.azores.gov.pt\/en\/wp-json\/wp\/v2\/tribe_events\/1942\/revisions"}],"predecessor-version":[{"id":1944,"href":"https:\/\/ecomuseu-corvo.cultura.azores.gov.pt\/en\/wp-json\/wp\/v2\/tribe_events\/1942\/revisions\/1944"}],"wp:featuredmedia":[{"embeddable":true,"href":"https:\/\/ecomuseu-corvo.cultura.azores.gov.pt\/en\/wp-json\/wp\/v2\/media\/1943"}],"wp:attachment":[{"href":"https:\/\/ecomuseu-corvo.cultura.azores.gov.pt\/en\/wp-json\/wp\/v2\/media?parent=1942"}],"wp:term":[{"taxonomy":"post_tag","embeddable":true,"href":"https:\/\/ecomuseu-corvo.cultura.azores.gov.pt\/en\/wp-json\/wp\/v2\/tags?post=1942"},{"taxonomy":"tribe_events_cat","embeddable":true,"href":"https:\/\/ecomuseu-corvo.cultura.azores.gov.pt\/en\/wp-json\/wp\/v2\/tribe_events_cat?post=1942"}],"curies":[{"name":"wp","href":"https:\/\/api.w.org\/{rel}","templated":true}]}}

Documentário &#8211; Pedro da Silveira

<p>No âmbito das celebrações do centenário do nascimento de Pedro da Silveira, a Direção Regional dos Assuntos Culturais promove no dia 5 de setembro (dia do nascimento de Pedro da Silveira) em simultâneo nas nove ilhas dos Açores a exibição do documentário &#8220;Os Livros que Ficaram por Ler&#8221; sobre a sua vida e obra.</p>

<p>No âmbito das celebrações do centenário do nascimento de Pedro da Silveira, a Direção Regional dos Assuntos Culturais promove no dia 5 de setembro (dia do nascimento de Pedro da [&hellip;]</p>
