{"id":1931,"date":"2022-09-08T15:40:12","date_gmt":"2022-09-08T15:40:12","guid":{"rendered":"https:\/\/ecomuseu-corvo.cultura.azores.gov.pt\/?post_type=tribe_events&#038;p=1931"},"modified":"2022-10-31T10:14:22","modified_gmt":"2022-10-31T11:14:22","slug":"2-a-campanha-do-patrimonio-da-ilha-do-corvo","status":"publish","type":"tribe_events","link":"https:\/\/ecomuseu-corvo.cultura.azores.gov.pt\/en\/evento\/2-a-campanha-do-patrimonio-da-ilha-do-corvo\/","title":{"rendered":"2.\u00aa Campanha do Patrim\u00f3nio da Ilha do Corvo"},"content":{"rendered":"<p>Entre 12 e 23 de setembro, a Dire\u00e7\u00e3o Regional dos Assuntos Culturais, na figura do Ecomuseu do Corvo, promove a 2.\u00aa Campanha do Patrim\u00f3nio da Ilha do Corvo.<br \/>\nAo longo desses onze dias, ir\u00e3o desenrolar-se v\u00e1rias atividades, numa parceria direta com o Centro do Patrim\u00f3nio M\u00f3vel, Imaterial e Arqueol\u00f3gico dos A\u00e7ores, \u00e0 semelhan\u00e7a do j\u00e1 ocorrido no passado ano de 2021, aquando das prospe\u00e7\u00f5es arqueol\u00f3gicas, realizadas na zona do \u201cEngenho\u201d e no moinho do Caldeir\u00e3o, e das a\u00e7\u00f5es de restauro do tear t\u00edpico do Corvo.<br \/>\nEste ano, o Ecomuseu promove um trabalho de forma\u00e7\u00e3o na \u00e1rea de conserva\u00e7\u00e3o e restauro do patrim\u00f3nio cultural m\u00f3vel, contando para tal com a presen\u00e7a de Paulo Silveira, especialista nas \u00e1reas de marcenaria, carpintaria especializada e restauro em madeira. O profissional ir\u00e1 orientar uma forma\u00e7\u00e3o interna, com a equipa do Ecomuseu, e apresentar esclarecimentos junto da comunidade, encontrando-se, para esse efeito, a trabalhar no Pavilh\u00e3o Multiusos, das 09h30 \u00e0s 12:30 e das 13:30 \u00e0s 17:30, entre os dias 12 e 16 de setembro, em regime \u201cporta aberta\u201d.<br \/>\nA equipa de arqueologia regressa este ano ao Corvo com uma nova miss\u00e3o, focada no patrim\u00f3nio cultural subaqu\u00e1tico. Os arque\u00f3logos Pedro Parreira e Lu\u00eds Borges ir\u00e3o promover uma campanha de batimento da costa da ilha, em busca de vest\u00edgios de antigos naufr\u00e1gios que por ali passaram, desde o tempo das naus da \u00cdndia at\u00e9 aos grandes barcos a vapor que atravessaram o Atl\u00e2ntico, para ligar a Europa \u00e0 Am\u00e9rica.<br \/>\nIr\u00e3o tamb\u00e9m apresentar os resultados e as expectativas junto da comunidade, numa sess\u00e3o de boas-pr\u00e1ticas, com os mais novos, e uma outra, aberta a todo o p\u00fablico, sempre com o objetivo de devolver a heran\u00e7a cultural do Corvo \u00e0s suas pessoas.<br \/>\nO Ecomuseu do Corvo convida toda a comunidade a participar.<\/p>","protected":false},"excerpt":{"rendered":"<p>Entre 12 e 23 de setembro, a Dire\u00e7\u00e3o Regional dos Assuntos Culturais, na figura do Ecomuseu do Corvo, promove a 2.\u00aa Campanha do Patrim\u00f3nio da Ilha do Corvo. Ao longo [&hellip;]<\/p>\n","protected":false},"author":3,"featured_media":1932,"template":"","meta":{"_tribe_events_status":"","_tribe_events_status_reason":"","footnotes":""},"tags":[],"tribe_events_cat":[33],"class_list":["post-1931","tribe_events","type-tribe_events","status-publish","has-post-thumbnail","hentry","tribe_events_cat-patrimonio","cat_patrimonio"],"_links":{"self":[{"href":"https:\/\/ecomuseu-corvo.cultura.azores.gov.pt\/en\/wp-json\/wp\/v2\/tribe_events\/1931","targetHints":{"allow":["GET"]}}],"collection":[{"href":"https:\/\/ecomuseu-corvo.cultura.azores.gov.pt\/en\/wp-json\/wp\/v2\/tribe_events"}],"about":[{"href":"https:\/\/ecomuseu-corvo.cultura.azores.gov.pt\/en\/wp-json\/wp\/v2\/types\/tribe_events"}],"author":[{"embeddable":true,"href":"https:\/\/ecomuseu-corvo.cultura.azores.gov.pt\/en\/wp-json\/wp\/v2\/users\/3"}],"version-history":[{"count":1,"href":"https:\/\/ecomuseu-corvo.cultura.azores.gov.pt\/en\/wp-json\/wp\/v2\/tribe_events\/1931\/revisions"}],"predecessor-version":[{"id":1933,"href":"https:\/\/ecomuseu-corvo.cultura.azores.gov.pt\/en\/wp-json\/wp\/v2\/tribe_events\/1931\/revisions\/1933"}],"wp:featuredmedia":[{"embeddable":true,"href":"https:\/\/ecomuseu-corvo.cultura.azores.gov.pt\/en\/wp-json\/wp\/v2\/media\/1932"}],"wp:attachment":[{"href":"https:\/\/ecomuseu-corvo.cultura.azores.gov.pt\/en\/wp-json\/wp\/v2\/media?parent=1931"}],"wp:term":[{"taxonomy":"post_tag","embeddable":true,"href":"https:\/\/ecomuseu-corvo.cultura.azores.gov.pt\/en\/wp-json\/wp\/v2\/tags?post=1931"},{"taxonomy":"tribe_events_cat","embeddable":true,"href":"https:\/\/ecomuseu-corvo.cultura.azores.gov.pt\/en\/wp-json\/wp\/v2\/tribe_events_cat?post=1931"}],"curies":[{"name":"wp","href":"https:\/\/api.w.org\/{rel}","templated":true}]}}

2.ª Campanha do Património da Ilha do Corvo

<p>Entre 12 e 23 de setembro, a Direção Regional dos Assuntos Culturais, na figura do Ecomuseu do Corvo, promove a 2.ª Campanha do Património da Ilha do Corvo.<br />
Ao longo desses onze dias, irão desenrolar-se várias atividades, numa parceria direta com o Centro do Património Móvel, Imaterial e Arqueológico dos Açores, à semelhança do já ocorrido no passado ano de 2021, aquando das prospeções arqueológicas, realizadas na zona do “Engenho” e no moinho do Caldeirão, e das ações de restauro do tear típico do Corvo.<br />
Este ano, o Ecomuseu promove um trabalho de formação na área de conservação e restauro do património cultural móvel, contando para tal com a presença de Paulo Silveira, especialista nas áreas de marcenaria, carpintaria especializada e restauro em madeira. O profissional irá orientar uma formação interna, com a equipa do Ecomuseu, e apresentar esclarecimentos junto da comunidade, encontrando-se, para esse efeito, a trabalhar no Pavilhão Multiusos, das 09h30 às 12:30 e das 13:30 às 17:30, entre os dias 12 e 16 de setembro, em regime “porta aberta”.<br />
A equipa de arqueologia regressa este ano ao Corvo com uma nova missão, focada no património cultural subaquático. Os arqueólogos Pedro Parreira e Luís Borges irão promover uma campanha de batimento da costa da ilha, em busca de vestígios de antigos naufrágios que por ali passaram, desde o tempo das naus da Índia até aos grandes barcos a vapor que atravessaram o Atlântico, para ligar a Europa à América.<br />
Irão também apresentar os resultados e as expectativas junto da comunidade, numa sessão de boas-práticas, com os mais novos, e uma outra, aberta a todo o público, sempre com o objetivo de devolver a herança cultural do Corvo às suas pessoas.<br />
O Ecomuseu do Corvo convida toda a comunidade a participar.</p>

<p>Entre 12 e 23 de setembro, a Direção Regional dos Assuntos Culturais, na figura do Ecomuseu do Corvo, promove a 2.ª Campanha do Património da Ilha do Corvo. Ao longo [&hellip;]</p>
