{"id":1877,"date":"2022-04-25T16:15:00","date_gmt":"2022-04-25T16:15:00","guid":{"rendered":"https:\/\/ecomuseu-corvo.cultura.azores.gov.pt\/?post_type=tribe_events&#038;p=1877"},"modified":"2022-08-04T16:15:18","modified_gmt":"2022-08-04T16:15:18","slug":"falar-corvino_25-de-abril","status":"publish","type":"tribe_events","link":"https:\/\/ecomuseu-corvo.cultura.azores.gov.pt\/en\/evento\/falar-corvino_25-de-abril\/","title":{"rendered":"Falar Corvino_25 de abril"},"content":{"rendered":"<p>Aqui vai mais um desafio &#8220;Falar Corvino&#8221;!<br \/>\nObrigada a todos pela participa\u00e7\u00e3o e pelos contributos que nos t\u00eam enviado.<br \/>\nPara acompanharem o resultado dos vossos contributos deixamos o link do gloss\u00e1rio &#8220;Falar Corvino&#8221;: https:\/\/padlet.com\/ecomuseu\/5zdomsu4rcejijqy<br \/>\nUma boa semana para todos!<\/p>\n<p><img loading=\"lazy\" decoding=\"async\" class=\"alignnone size-medium wp-image-1878\" src=\"https:\/\/ecomuseu-corvo.cultura.azores.gov.pt\/wp-content\/uploads\/2022\/08\/falar-corvino_1-300x300.png\" alt=\"\" width=\"300\" height=\"300\" srcset=\"https:\/\/ecomuseu-corvo.cultura.azores.gov.pt\/wp-content\/uploads\/2022\/08\/falar-corvino_1-300x300.png 300w, https:\/\/ecomuseu-corvo.cultura.azores.gov.pt\/wp-content\/uploads\/2022\/08\/falar-corvino_1-150x150.png 150w, https:\/\/ecomuseu-corvo.cultura.azores.gov.pt\/wp-content\/uploads\/2022\/08\/falar-corvino_1-768x768.png 768w, https:\/\/ecomuseu-corvo.cultura.azores.gov.pt\/wp-content\/uploads\/2022\/08\/falar-corvino_1-12x12.png 12w, https:\/\/ecomuseu-corvo.cultura.azores.gov.pt\/wp-content\/uploads\/2022\/08\/falar-corvino_1.png 800w\" sizes=\"auto, (max-width: 300px) 100vw, 300px\" \/><\/p>","protected":false},"excerpt":{"rendered":"<p>Aqui vai mais um desafio &#8220;Falar Corvino&#8221;! Obrigada a todos pela participa\u00e7\u00e3o e pelos contributos que nos t\u00eam enviado. Para acompanharem o resultado dos vossos contributos deixamos o link do [&hellip;]<\/p>\n","protected":false},"author":3,"featured_media":1879,"template":"","meta":{"_tribe_events_status":"","_tribe_events_status_reason":"","footnotes":""},"tags":[],"tribe_events_cat":[37],"class_list":["post-1877","tribe_events","type-tribe_events","status-publish","has-post-thumbnail","hentry","tribe_events_cat-falar-corvino","cat_falar-corvino"],"_links":{"self":[{"href":"https:\/\/ecomuseu-corvo.cultura.azores.gov.pt\/en\/wp-json\/wp\/v2\/tribe_events\/1877","targetHints":{"allow":["GET"]}}],"collection":[{"href":"https:\/\/ecomuseu-corvo.cultura.azores.gov.pt\/en\/wp-json\/wp\/v2\/tribe_events"}],"about":[{"href":"https:\/\/ecomuseu-corvo.cultura.azores.gov.pt\/en\/wp-json\/wp\/v2\/types\/tribe_events"}],"author":[{"embeddable":true,"href":"https:\/\/ecomuseu-corvo.cultura.azores.gov.pt\/en\/wp-json\/wp\/v2\/users\/3"}],"version-history":[{"count":1,"href":"https:\/\/ecomuseu-corvo.cultura.azores.gov.pt\/en\/wp-json\/wp\/v2\/tribe_events\/1877\/revisions"}],"predecessor-version":[{"id":1880,"href":"https:\/\/ecomuseu-corvo.cultura.azores.gov.pt\/en\/wp-json\/wp\/v2\/tribe_events\/1877\/revisions\/1880"}],"wp:featuredmedia":[{"embeddable":true,"href":"https:\/\/ecomuseu-corvo.cultura.azores.gov.pt\/en\/wp-json\/wp\/v2\/media\/1879"}],"wp:attachment":[{"href":"https:\/\/ecomuseu-corvo.cultura.azores.gov.pt\/en\/wp-json\/wp\/v2\/media?parent=1877"}],"wp:term":[{"taxonomy":"post_tag","embeddable":true,"href":"https:\/\/ecomuseu-corvo.cultura.azores.gov.pt\/en\/wp-json\/wp\/v2\/tags?post=1877"},{"taxonomy":"tribe_events_cat","embeddable":true,"href":"https:\/\/ecomuseu-corvo.cultura.azores.gov.pt\/en\/wp-json\/wp\/v2\/tribe_events_cat?post=1877"}],"curies":[{"name":"wp","href":"https:\/\/api.w.org\/{rel}","templated":true}]}}

<p>Aqui vai mais um desafio &#8220;Falar Corvino&#8221;!<br />
Obrigada a todos pela participação e pelos contributos que nos têm enviado.<br />
Para acompanharem o resultado dos vossos contributos deixamos o link do glossário &#8220;Falar Corvino&#8221;: https://padlet.com/ecomuseu/5zdomsu4rcejijqy<br />
Uma boa semana para todos!</p>
<p><img loading="lazy" decoding="async" class="alignnone size-medium wp-image-1878" src="https://ecomuseu-corvo.cultura.azores.gov.pt/wp-content/uploads/2022/08/falar-corvino_1-300x300.png" alt="" width="300" height="300" srcset="https://ecomuseu-corvo.cultura.azores.gov.pt/wp-content/uploads/2022/08/falar-corvino_1-300x300.png 300w, https://ecomuseu-corvo.cultura.azores.gov.pt/wp-content/uploads/2022/08/falar-corvino_1-150x150.png 150w, https://ecomuseu-corvo.cultura.azores.gov.pt/wp-content/uploads/2022/08/falar-corvino_1-768x768.png 768w, https://ecomuseu-corvo.cultura.azores.gov.pt/wp-content/uploads/2022/08/falar-corvino_1-12x12.png 12w, https://ecomuseu-corvo.cultura.azores.gov.pt/wp-content/uploads/2022/08/falar-corvino_1.png 800w" sizes="auto, (max-width: 300px) 100vw, 300px" /></p>

<p>Aqui vai mais um desafio &#8220;Falar Corvino&#8221;! Obrigada a todos pela participação e pelos contributos que nos têm enviado. Para acompanharem o resultado dos vossos contributos deixamos o link do [&hellip;]</p>
