{"id":1699,"date":"2022-08-07T10:37:38","date_gmt":"2022-08-07T10:37:38","guid":{"rendered":"https:\/\/ecomuseu-corvo.cultura.azores.gov.pt\/?post_type=tribe_events&#038;p=1699"},"modified":"2023-10-10T15:55:35","modified_gmt":"2023-10-10T15:55:35","slug":"ferias-no-ecomuseu-ferias-na-praia","status":"publish","type":"tribe_events","link":"https:\/\/ecomuseu-corvo.cultura.azores.gov.pt\/en\/evento\/ferias-no-ecomuseu-ferias-na-praia\/","title":{"rendered":"F\u00e9rias no Ecomuseu &#8211; F\u00e9rias na Praia"},"content":{"rendered":"<p>As pr\u00f3ximas atividades das f\u00e9rias no Ecomuseu t\u00eam continuidade na ter\u00e7a-feira, dia 12\/07, com a atividade &#8220;leitura na praia&#8221;. Local de Encontro: Casa do Tempo \u00e0s 09h30.<br \/>\nAconselha-se que levem chap\u00e9u, protetor solar, toalha de praia e \u00e1gua.<br \/>\nSe ainda n\u00e3o inscreveu o seu filho(a) ainda est\u00e1 tempo de o fazer atrav\u00e9s do preenchimento do formul\u00e1rio online: https:\/\/forms.office.com\/r\/TGDxeWRWJs<\/p>","protected":false},"excerpt":{"rendered":"<p>As pr\u00f3ximas atividades das f\u00e9rias no Ecomuseu t\u00eam continuidade na ter\u00e7a-feira, dia 12\/07, com a atividade &#8220;leitura na praia&#8221;. Local de Encontro: Casa do Tempo \u00e0s 09h30. Aconselha-se que levem [&hellip;]<\/p>\n","protected":false},"author":3,"featured_media":1700,"template":"","meta":{"_tribe_events_status":"","_tribe_events_status_reason":"","footnotes":""},"tags":[],"tribe_events_cat":[34],"class_list":["post-1699","tribe_events","type-tribe_events","status-publish","has-post-thumbnail","hentry","tribe_events_cat-ferias-no-ecomuseu","cat_ferias-no-ecomuseu"],"_links":{"self":[{"href":"https:\/\/ecomuseu-corvo.cultura.azores.gov.pt\/en\/wp-json\/wp\/v2\/tribe_events\/1699","targetHints":{"allow":["GET"]}}],"collection":[{"href":"https:\/\/ecomuseu-corvo.cultura.azores.gov.pt\/en\/wp-json\/wp\/v2\/tribe_events"}],"about":[{"href":"https:\/\/ecomuseu-corvo.cultura.azores.gov.pt\/en\/wp-json\/wp\/v2\/types\/tribe_events"}],"author":[{"embeddable":true,"href":"https:\/\/ecomuseu-corvo.cultura.azores.gov.pt\/en\/wp-json\/wp\/v2\/users\/3"}],"version-history":[{"count":1,"href":"https:\/\/ecomuseu-corvo.cultura.azores.gov.pt\/en\/wp-json\/wp\/v2\/tribe_events\/1699\/revisions"}],"predecessor-version":[{"id":1701,"href":"https:\/\/ecomuseu-corvo.cultura.azores.gov.pt\/en\/wp-json\/wp\/v2\/tribe_events\/1699\/revisions\/1701"}],"wp:featuredmedia":[{"embeddable":true,"href":"https:\/\/ecomuseu-corvo.cultura.azores.gov.pt\/en\/wp-json\/wp\/v2\/media\/1700"}],"wp:attachment":[{"href":"https:\/\/ecomuseu-corvo.cultura.azores.gov.pt\/en\/wp-json\/wp\/v2\/media?parent=1699"}],"wp:term":[{"taxonomy":"post_tag","embeddable":true,"href":"https:\/\/ecomuseu-corvo.cultura.azores.gov.pt\/en\/wp-json\/wp\/v2\/tags?post=1699"},{"taxonomy":"tribe_events_cat","embeddable":true,"href":"https:\/\/ecomuseu-corvo.cultura.azores.gov.pt\/en\/wp-json\/wp\/v2\/tribe_events_cat?post=1699"}],"curies":[{"name":"wp","href":"https:\/\/api.w.org\/{rel}","templated":true}]}}

Férias no Ecomuseu &#8211; Férias na Praia

<p>As próximas atividades das férias no Ecomuseu têm continuidade na terça-feira, dia 12/07, com a atividade &#8220;leitura na praia&#8221;. Local de Encontro: Casa do Tempo às 09h30.<br />
Aconselha-se que levem chapéu, protetor solar, toalha de praia e água.<br />
Se ainda não inscreveu o seu filho(a) ainda está tempo de o fazer através do preenchimento do formulário online: https://forms.office.com/r/TGDxeWRWJs</p>

<p>As próximas atividades das férias no Ecomuseu têm continuidade na terça-feira, dia 12/07, com a atividade &#8220;leitura na praia&#8221;. Local de Encontro: Casa do Tempo às 09h30. Aconselha-se que levem [&hellip;]</p>
