{"id":1689,"date":"2022-08-01T10:21:09","date_gmt":"2022-08-01T10:21:09","guid":{"rendered":"https:\/\/ecomuseu-corvo.cultura.azores.gov.pt\/?post_type=tribe_events&#038;p=1689"},"modified":"2023-10-10T15:53:32","modified_gmt":"2023-10-10T15:53:32","slug":"os-herois-de-capelinhos","status":"publish","type":"tribe_events","link":"https:\/\/ecomuseu-corvo.cultura.azores.gov.pt\/en\/evento\/os-herois-de-capelinhos\/","title":{"rendered":"OS \u201cHER\u00d3IS\u201d DE CAPELINHOS"},"content":{"rendered":"<p>INAUGURA\u00c7\u00c3O DA EXPOSI\u00c7\u00c3O ITINERANTE:<br \/>\nOS \u201cHER\u00d3IS\u201d DE CAPELINHOS<\/p>\n<p>O Observat\u00f3rio Vulcanol\u00f3gico e Geot\u00e9rmico dos A\u00e7ores (OVGA) em parceria com o Ecomuseu do Corvo, ir\u00e1 inaugurar Os \u201cHer\u00f3is\u201d de Capelinhos &#8211; uma exposi\u00e7\u00e3o itinerante e digitalmente interativa sobre o Vulc\u00e3o dos Capelinhos &#8211; em comemora\u00e7\u00e3o dos 65 anos desde a sua erup\u00e7\u00e3o, homenageando os her\u00f3is a esta associados, sendo de destacar a Professora Doutora Raquel Soeiro de Brito, o Professor Doutor Orlando Ribeiro, o Eng. Frederico Machado, o Professor Doutor Victor-Hugo Forjaz, grande estudioso do vulc\u00e3o em destaque e, por \u00faltimo, mas n\u00e3o menos importante, o povo da ilha do Faial.<\/p>\n<p>Esta exposi\u00e7\u00e3o estar\u00e1 patente em v\u00e1rios n\u00facleos museol\u00f3gicos em todas as ilhas dos A\u00e7ores, sendo que alguns dos motivos para a sua itiner\u00e2ncia passa pela miss\u00e3o de promo\u00e7\u00e3o da literacia cient\u00edfica<br \/>\ndo p\u00fablico visitante do Centro, bem como, a sua descentraliza\u00e7\u00e3o, aliada ao importante papel de cada um dos Museus dos A\u00e7ores, cada um representando, direta ou indiretamente, a liga\u00e7\u00e3o da sua ilha a<br \/>\neste per\u00edodo na nossa Hist\u00f3ria cient\u00edfica e cultural.<\/p>\n<p>Esta exposi\u00e7\u00e3o \u00e9 apoiada pela Dire\u00e7\u00e3o Regional da Ci\u00eancia e Transi\u00e7\u00e3o Digital, no \u00e2mbito da medida<br \/>\n&#8220;Implementa\u00e7\u00e3o de iniciativas e projetos de difus\u00e3o da cultura cient\u00edfica e tecnol\u00f3gica &#8211; organiza\u00e7\u00e3o<br \/>\nde eventos \u2013 2022\u201d &#8211; M3.4.B\/ORG EVENTOS\/005\/2022<\/p>","protected":false},"excerpt":{"rendered":"<p>INAUGURA\u00c7\u00c3O DA EXPOSI\u00c7\u00c3O ITINERANTE: OS \u201cHER\u00d3IS\u201d DE CAPELINHOS O Observat\u00f3rio Vulcanol\u00f3gico e Geot\u00e9rmico dos A\u00e7ores (OVGA) em parceria com o Ecomuseu do Corvo, ir\u00e1 inaugurar Os \u201cHer\u00f3is\u201d de Capelinhos &#8211; [&hellip;]<\/p>\n","protected":false},"author":3,"featured_media":1690,"template":"","meta":{"_tribe_events_status":"","_tribe_events_status_reason":"","footnotes":""},"tags":[],"tribe_events_cat":[23],"class_list":["post-1689","tribe_events","type-tribe_events","status-publish","has-post-thumbnail","hentry","tribe_events_cat-exposicoes","cat_exposicoes"],"_links":{"self":[{"href":"https:\/\/ecomuseu-corvo.cultura.azores.gov.pt\/en\/wp-json\/wp\/v2\/tribe_events\/1689","targetHints":{"allow":["GET"]}}],"collection":[{"href":"https:\/\/ecomuseu-corvo.cultura.azores.gov.pt\/en\/wp-json\/wp\/v2\/tribe_events"}],"about":[{"href":"https:\/\/ecomuseu-corvo.cultura.azores.gov.pt\/en\/wp-json\/wp\/v2\/types\/tribe_events"}],"author":[{"embeddable":true,"href":"https:\/\/ecomuseu-corvo.cultura.azores.gov.pt\/en\/wp-json\/wp\/v2\/users\/3"}],"version-history":[{"count":1,"href":"https:\/\/ecomuseu-corvo.cultura.azores.gov.pt\/en\/wp-json\/wp\/v2\/tribe_events\/1689\/revisions"}],"predecessor-version":[{"id":1691,"href":"https:\/\/ecomuseu-corvo.cultura.azores.gov.pt\/en\/wp-json\/wp\/v2\/tribe_events\/1689\/revisions\/1691"}],"wp:featuredmedia":[{"embeddable":true,"href":"https:\/\/ecomuseu-corvo.cultura.azores.gov.pt\/en\/wp-json\/wp\/v2\/media\/1690"}],"wp:attachment":[{"href":"https:\/\/ecomuseu-corvo.cultura.azores.gov.pt\/en\/wp-json\/wp\/v2\/media?parent=1689"}],"wp:term":[{"taxonomy":"post_tag","embeddable":true,"href":"https:\/\/ecomuseu-corvo.cultura.azores.gov.pt\/en\/wp-json\/wp\/v2\/tags?post=1689"},{"taxonomy":"tribe_events_cat","embeddable":true,"href":"https:\/\/ecomuseu-corvo.cultura.azores.gov.pt\/en\/wp-json\/wp\/v2\/tribe_events_cat?post=1689"}],"curies":[{"name":"wp","href":"https:\/\/api.w.org\/{rel}","templated":true}]}}

OS “HERÓIS” DE CAPELINHOS

<p>INAUGURAÇÃO DA EXPOSIÇÃO ITINERANTE:<br />
OS “HERÓIS” DE CAPELINHOS</p>
<p>O Observatório Vulcanológico e Geotérmico dos Açores (OVGA) em parceria com o Ecomuseu do Corvo, irá inaugurar Os “Heróis” de Capelinhos &#8211; uma exposição itinerante e digitalmente interativa sobre o Vulcão dos Capelinhos &#8211; em comemoração dos 65 anos desde a sua erupção, homenageando os heróis a esta associados, sendo de destacar a Professora Doutora Raquel Soeiro de Brito, o Professor Doutor Orlando Ribeiro, o Eng. Frederico Machado, o Professor Doutor Victor-Hugo Forjaz, grande estudioso do vulcão em destaque e, por último, mas não menos importante, o povo da ilha do Faial.</p>
<p>Esta exposição estará patente em vários núcleos museológicos em todas as ilhas dos Açores, sendo que alguns dos motivos para a sua itinerância passa pela missão de promoção da literacia científica<br />
do público visitante do Centro, bem como, a sua descentralização, aliada ao importante papel de cada um dos Museus dos Açores, cada um representando, direta ou indiretamente, a ligação da sua ilha a<br />
este período na nossa História científica e cultural.</p>
<p>Esta exposição é apoiada pela Direção Regional da Ciência e Transição Digital, no âmbito da medida<br />
&#8220;Implementação de iniciativas e projetos de difusão da cultura científica e tecnológica &#8211; organização<br />
de eventos – 2022” &#8211; M3.4.B/ORG EVENTOS/005/2022</p>

<p>INAUGURAÇÃO DA EXPOSIÇÃO ITINERANTE: OS “HERÓIS” DE CAPELINHOS O Observatório Vulcanológico e Geotérmico dos Açores (OVGA) em parceria com o Ecomuseu do Corvo, irá inaugurar Os “Heróis” de Capelinhos &#8211; [&hellip;]</p>
