{"id":1517,"date":"2022-03-21T15:36:29","date_gmt":"2022-03-21T16:36:29","guid":{"rendered":"https:\/\/ecomuseu-corvo.cultura.azores.gov.pt\/?post_type=tribe_events&#038;p=1517"},"modified":"2022-04-22T15:38:19","modified_gmt":"2022-04-22T15:38:19","slug":"extensao-cineeco-4","status":"publish","type":"tribe_events","link":"https:\/\/ecomuseu-corvo.cultura.azores.gov.pt\/en\/evento\/extensao-cineeco-4\/","title":{"rendered":"Extens\u00e3o Cine&#8217;Eco"},"content":{"rendered":"<p>Extens\u00e3o Cine&#8217;Eco<br \/>\n23 de mar\u00e7o, \u00e0s 20:30h<\/p>\n<p>O Ecomuseu do Corvo, em parceria com o Cineclube da Ilha Terceira, promove mais cinema da extens\u00e3o Cine\u2019Eco Seia -Festival Internacional de Cinema Ambiental da Serra da Estrela.<br \/>\nFilmes:<br \/>\n&#8211; FISHINGTHEPLASTIC, Marina Lobo, Portugal, 2020, Anima\u00e7\u00e3o (4\u2019)\u2013 PR\u00c9MIO CURTA-METRAGEM EDUCA\u00c7\u00c3O AMBIENTAL \/ 2021<br \/>\n&#8211; MIGRANTS, Hugo Caby, Antoine Dupriez, Aubin Kubiak, Lucas Lermytte e Zo\u00e9 Devise, Fran\u00e7a, 2020, Anima\u00e7\u00e3o (8&#8242;) \u2013 MEN\u00c7\u00c3O HONROSA CURTA-METRAGEM INTERNACIONAL \/2021<br \/>\n<iframe loading=\"lazy\" title=\"Migrants | 5th year | Trailer | 2020\" width=\"580\" height=\"326\" src=\"https:\/\/www.youtube.com\/embed\/9uU8fcOtoF0?feature=oembed\" frameborder=\"0\" allow=\"accelerometer; autoplay; clipboard-write; encrypted-media; gyroscope; picture-in-picture; web-share\" referrerpolicy=\"strict-origin-when-cross-origin\" allowfullscreen><\/iframe><br \/>\n&#8211; ARICA, Lars Edman e William Johansson Kal\u00e9n, Su\u00e9cia, Chile, Noruega, B\u00e9lgica e UK, 2020, Document\u00e1rio (95\u2019) \u2013 PR\u00c9MIO ANTROPOLOGIA AMBIENTAL \/ 2021<br \/>\n<iframe loading=\"lazy\" title=\"ARICA Trailer (2020) by Lars Edman and William Johansson Kale\u0301n\" width=\"580\" height=\"326\" src=\"https:\/\/www.youtube.com\/embed\/ebkSlk9EZMU?feature=oembed\" frameborder=\"0\" allow=\"accelerometer; autoplay; clipboard-write; encrypted-media; gyroscope; picture-in-picture; web-share\" referrerpolicy=\"strict-origin-when-cross-origin\" allowfullscreen><\/iframe><br \/>\nA entrada \u00e9 gratuita!<br \/>\nConsulte o programa e marque a sua presen\u00e7a.<br \/>\nhttp:\/\/www.cineeco.pt\/extensoes\/2021\/acores-corvo.pdf&#8230;<\/p>","protected":false},"excerpt":{"rendered":"<p>Extens\u00e3o Cine&#8217;Eco 23 de mar\u00e7o, \u00e0s 20:30h O Ecomuseu do Corvo, em parceria com o Cineclube da Ilha Terceira, promove mais cinema da extens\u00e3o Cine\u2019Eco Seia -Festival Internacional de Cinema [&hellip;]<\/p>\n","protected":false},"author":3,"featured_media":1168,"template":"","meta":{"_tribe_events_status":"","_tribe_events_status_reason":"","footnotes":""},"tags":[],"tribe_events_cat":[39],"class_list":["post-1517","tribe_events","type-tribe_events","status-publish","has-post-thumbnail","hentry","tribe_events_cat-cinema","cat_cinema"],"_links":{"self":[{"href":"https:\/\/ecomuseu-corvo.cultura.azores.gov.pt\/en\/wp-json\/wp\/v2\/tribe_events\/1517","targetHints":{"allow":["GET"]}}],"collection":[{"href":"https:\/\/ecomuseu-corvo.cultura.azores.gov.pt\/en\/wp-json\/wp\/v2\/tribe_events"}],"about":[{"href":"https:\/\/ecomuseu-corvo.cultura.azores.gov.pt\/en\/wp-json\/wp\/v2\/types\/tribe_events"}],"author":[{"embeddable":true,"href":"https:\/\/ecomuseu-corvo.cultura.azores.gov.pt\/en\/wp-json\/wp\/v2\/users\/3"}],"version-history":[{"count":1,"href":"https:\/\/ecomuseu-corvo.cultura.azores.gov.pt\/en\/wp-json\/wp\/v2\/tribe_events\/1517\/revisions"}],"predecessor-version":[{"id":1518,"href":"https:\/\/ecomuseu-corvo.cultura.azores.gov.pt\/en\/wp-json\/wp\/v2\/tribe_events\/1517\/revisions\/1518"}],"wp:featuredmedia":[{"embeddable":true,"href":"https:\/\/ecomuseu-corvo.cultura.azores.gov.pt\/en\/wp-json\/wp\/v2\/media\/1168"}],"wp:attachment":[{"href":"https:\/\/ecomuseu-corvo.cultura.azores.gov.pt\/en\/wp-json\/wp\/v2\/media?parent=1517"}],"wp:term":[{"taxonomy":"post_tag","embeddable":true,"href":"https:\/\/ecomuseu-corvo.cultura.azores.gov.pt\/en\/wp-json\/wp\/v2\/tags?post=1517"},{"taxonomy":"tribe_events_cat","embeddable":true,"href":"https:\/\/ecomuseu-corvo.cultura.azores.gov.pt\/en\/wp-json\/wp\/v2\/tribe_events_cat?post=1517"}],"curies":[{"name":"wp","href":"https:\/\/api.w.org\/{rel}","templated":true}]}}

Extensão Cine&#8217;Eco

<p>Extensão Cine&#8217;Eco<br />
23 de março, às 20:30h</p>
<p>O Ecomuseu do Corvo, em parceria com o Cineclube da Ilha Terceira, promove mais cinema da extensão Cine’Eco Seia -Festival Internacional de Cinema Ambiental da Serra da Estrela.<br />
Filmes:<br />
&#8211; FISHINGTHEPLASTIC, Marina Lobo, Portugal, 2020, Animação (4’)– PRÉMIO CURTA-METRAGEM EDUCAÇÃO AMBIENTAL / 2021<br />
&#8211; MIGRANTS, Hugo Caby, Antoine Dupriez, Aubin Kubiak, Lucas Lermytte e Zoé Devise, França, 2020, Animação (8&#8242;) – MENÇÃO HONROSA CURTA-METRAGEM INTERNACIONAL /2021<br />
<iframe loading="lazy" title="Migrants | 5th year | Trailer | 2020" width="580" height="326" src="https://www.youtube.com/embed/9uU8fcOtoF0?feature=oembed" frameborder="0" allow="accelerometer; autoplay; clipboard-write; encrypted-media; gyroscope; picture-in-picture; web-share" referrerpolicy="strict-origin-when-cross-origin" allowfullscreen></iframe><br />
&#8211; ARICA, Lars Edman e William Johansson Kalén, Suécia, Chile, Noruega, Bélgica e UK, 2020, Documentário (95’) – PRÉMIO ANTROPOLOGIA AMBIENTAL / 2021<br />
<iframe loading="lazy" title="ARICA Trailer (2020) by Lars Edman and William Johansson Kalén" width="580" height="326" src="https://www.youtube.com/embed/ebkSlk9EZMU?feature=oembed" frameborder="0" allow="accelerometer; autoplay; clipboard-write; encrypted-media; gyroscope; picture-in-picture; web-share" referrerpolicy="strict-origin-when-cross-origin" allowfullscreen></iframe><br />
A entrada é gratuita!<br />
Consulte o programa e marque a sua presença.<br />
http://www.cineeco.pt/extensoes/2021/acores-corvo.pdf&#8230;</p>

<p>Extensão Cine&#8217;Eco 23 de março, às 20:30h O Ecomuseu do Corvo, em parceria com o Cineclube da Ilha Terceira, promove mais cinema da extensão Cine’Eco Seia -Festival Internacional de Cinema [&hellip;]</p>
