{"id":1505,"date":"2022-04-18T15:11:08","date_gmt":"2022-04-18T15:11:08","guid":{"rendered":"https:\/\/ecomuseu-corvo.cultura.azores.gov.pt\/?post_type=tribe_events&#038;p=1505"},"modified":"2022-04-22T15:16:29","modified_gmt":"2022-04-22T15:16:29","slug":"extensao-cineeco-2","status":"publish","type":"tribe_events","link":"https:\/\/ecomuseu-corvo.cultura.azores.gov.pt\/en\/evento\/extensao-cineeco-2\/","title":{"rendered":"Extens\u00e3o Cine&#8217;Eco"},"content":{"rendered":"<p>Extens\u00e3o Cine&#8217;Eco<br \/>\n20 de abril, \u00e0s 20:30h<br \/>\nDia Mundial da Terra<br \/>\nFilmes:<br \/>\n\u25cf VERT DE RAGE, DU CHARBON DANS LES POUMONS (GREEN WARRIORS: COAL IN THE LUGS), Martin Boudot, Fran\u00e7a, 2021, Document\u00e1rio (49\u2019) \u2013 COMPETI\u00c7\u00c3O DE S\u00c9RIES E REPORTAGENS TELEVISIVAS \u2013 PR\u00c9MIO TELEVIS\u00c3O \/ 2021<br \/>\n\u25cf SOBRE SONHOS E LIBERDADE, M\u00e1rcia Para\u00edso e Francisco Colombo, Brasil, 2020, Document\u00e1rio (70\u2019) \u2013 PR\u00c9MIO CAMACHO COSTA | LONGA-METRAGEM EM L\u00cdNGUA PORTUGUESA \/ 2021<br \/>\nA entrada \u00e9 gratuita!<br \/>\nConsulte o programa e marque a sua presen\u00e7a.<br \/>\nhttp:\/\/www.cineeco.pt\/extensoes\/2021\/acores-corvo.pdf&#8230;<br \/>\nwww.oceanoazulfoundation.org\/pt-pt\/earth-day-2022\/<br \/>\n#EarthDay2022#DiaDaTerra2022#Ocean<br \/>\n@oceanazulfundation<\/p>","protected":false},"excerpt":{"rendered":"<p>Extens\u00e3o Cine&#8217;Eco 20 de abril, \u00e0s 20:30h Dia Mundial da Terra Filmes: \u25cf VERT DE RAGE, DU CHARBON DANS LES POUMONS (GREEN WARRIORS: COAL IN THE LUGS), Martin Boudot, Fran\u00e7a, [&hellip;]<\/p>\n","protected":false},"author":3,"featured_media":1168,"template":"","meta":{"_tribe_events_status":"","_tribe_events_status_reason":"","footnotes":""},"tags":[],"tribe_events_cat":[39],"class_list":["post-1505","tribe_events","type-tribe_events","status-publish","has-post-thumbnail","hentry","tribe_events_cat-cinema","cat_cinema"],"_links":{"self":[{"href":"https:\/\/ecomuseu-corvo.cultura.azores.gov.pt\/en\/wp-json\/wp\/v2\/tribe_events\/1505","targetHints":{"allow":["GET"]}}],"collection":[{"href":"https:\/\/ecomuseu-corvo.cultura.azores.gov.pt\/en\/wp-json\/wp\/v2\/tribe_events"}],"about":[{"href":"https:\/\/ecomuseu-corvo.cultura.azores.gov.pt\/en\/wp-json\/wp\/v2\/types\/tribe_events"}],"author":[{"embeddable":true,"href":"https:\/\/ecomuseu-corvo.cultura.azores.gov.pt\/en\/wp-json\/wp\/v2\/users\/3"}],"version-history":[{"count":1,"href":"https:\/\/ecomuseu-corvo.cultura.azores.gov.pt\/en\/wp-json\/wp\/v2\/tribe_events\/1505\/revisions"}],"predecessor-version":[{"id":1506,"href":"https:\/\/ecomuseu-corvo.cultura.azores.gov.pt\/en\/wp-json\/wp\/v2\/tribe_events\/1505\/revisions\/1506"}],"wp:featuredmedia":[{"embeddable":true,"href":"https:\/\/ecomuseu-corvo.cultura.azores.gov.pt\/en\/wp-json\/wp\/v2\/media\/1168"}],"wp:attachment":[{"href":"https:\/\/ecomuseu-corvo.cultura.azores.gov.pt\/en\/wp-json\/wp\/v2\/media?parent=1505"}],"wp:term":[{"taxonomy":"post_tag","embeddable":true,"href":"https:\/\/ecomuseu-corvo.cultura.azores.gov.pt\/en\/wp-json\/wp\/v2\/tags?post=1505"},{"taxonomy":"tribe_events_cat","embeddable":true,"href":"https:\/\/ecomuseu-corvo.cultura.azores.gov.pt\/en\/wp-json\/wp\/v2\/tribe_events_cat?post=1505"}],"curies":[{"name":"wp","href":"https:\/\/api.w.org\/{rel}","templated":true}]}}

Extensão Cine&#8217;Eco

<p>Extensão Cine&#8217;Eco<br />
20 de abril, às 20:30h<br />
Dia Mundial da Terra<br />
Filmes:<br />
● VERT DE RAGE, DU CHARBON DANS LES POUMONS (GREEN WARRIORS: COAL IN THE LUGS), Martin Boudot, França, 2021, Documentário (49’) – COMPETIÇÃO DE SÉRIES E REPORTAGENS TELEVISIVAS – PRÉMIO TELEVISÃO / 2021<br />
● SOBRE SONHOS E LIBERDADE, Márcia Paraíso e Francisco Colombo, Brasil, 2020, Documentário (70’) – PRÉMIO CAMACHO COSTA | LONGA-METRAGEM EM LÍNGUA PORTUGUESA / 2021<br />
A entrada é gratuita!<br />
Consulte o programa e marque a sua presença.<br />
http://www.cineeco.pt/extensoes/2021/acores-corvo.pdf&#8230;<br />
www.oceanoazulfoundation.org/pt-pt/earth-day-2022/<br />
#EarthDay2022#DiaDaTerra2022#Ocean<br />
@oceanazulfundation</p>

<p>Extensão Cine&#8217;Eco 20 de abril, às 20:30h Dia Mundial da Terra Filmes: ● VERT DE RAGE, DU CHARBON DANS LES POUMONS (GREEN WARRIORS: COAL IN THE LUGS), Martin Boudot, França, [&hellip;]</p>
