{"id":92,"date":"2021-07-23T10:51:51","date_gmt":"2021-07-23T10:51:51","guid":{"rendered":"https:\/\/ecomuseu-corvo.cultura.azores.gov.pt\/?page_id=92"},"modified":"2024-03-04T12:29:35","modified_gmt":"2024-03-04T13:29:35","slug":"the-team","status":"publish","type":"page","link":"https:\/\/ecomuseu-corvo.cultura.azores.gov.pt\/en\/the-team\/","title":{"rendered":"Equipa"},"content":{"rendered":"<div class=\"wp-block-columns is-layout-flex wp-container-core-columns-is-layout-9d6595d7 wp-block-columns-is-layout-flex\">\n<div class=\"wp-block-column is-layout-flow wp-block-column-is-layout-flow\" style=\"flex-basis:100%\">\n<div class=\"wp-block-group\"><div class=\"wp-block-group__inner-container is-layout-flow wp-block-group-is-layout-flow\">\n<div class=\"wp-block-columns is-layout-flex wp-container-core-columns-is-layout-9d6595d7 wp-block-columns-is-layout-flex\">\n<div class=\"wp-block-column is-layout-flow wp-block-column-is-layout-flow\" style=\"flex-basis:33.33%\">\n<p><strong>Diretora<\/strong><\/p>\n\n\n\n<p>Deolinda Est\u00eav\u00e3o<\/p>\n\n\n\n<p><strong>T\u00e9cnicos Superiores<\/strong><\/p>\n\n\n\n<p>Ana Mota<\/p>\n\n\n\n<p>Manuel Oliveira<\/p>\n\n\n\n<p><strong>Assistente T\u00e9cnica<\/strong><\/p>\n\n\n\n<p>Nicole Neves<\/p>\n\n\n\n<p><strong>Assistentes Operacionais<\/strong><\/p>\n\n\n\n<p>Andreia Sousa<\/p>\n\n\n\n<p>Marlene Xavier<\/p>\n\n\n\n<p>Patr\u00edcia Pacheco<\/p>\n<\/div>\n\n\n\n<div class=\"wp-block-column is-layout-flow wp-block-column-is-layout-flow\" style=\"flex-basis:66.66%\">\n<figure class=\"wp-block-image size-full\"><img loading=\"lazy\" decoding=\"async\" width=\"500\" height=\"500\" src=\"https:\/\/ecomuseu-corvo.cultura.azores.gov.pt\/wp-content\/uploads\/2022\/03\/network-gc2cc4e10d_1280-1.png\" alt=\"\" class=\"wp-image-868\" srcset=\"https:\/\/ecomuseu-corvo.cultura.azores.gov.pt\/wp-content\/uploads\/2022\/03\/network-gc2cc4e10d_1280-1.png 500w, https:\/\/ecomuseu-corvo.cultura.azores.gov.pt\/wp-content\/uploads\/2022\/03\/network-gc2cc4e10d_1280-1-300x300.png 300w, https:\/\/ecomuseu-corvo.cultura.azores.gov.pt\/wp-content\/uploads\/2022\/03\/network-gc2cc4e10d_1280-1-150x150.png 150w, https:\/\/ecomuseu-corvo.cultura.azores.gov.pt\/wp-content\/uploads\/2022\/03\/network-gc2cc4e10d_1280-1-12x12.png 12w\" sizes=\"auto, (max-width: 500px) 100vw, 500px\" \/><\/figure>\n<\/div>\n<\/div>\n<\/div><\/div>\n<\/div>\n<\/div>\n\n\n\n<h2 class=\"wp-block-heading\">Org\u00e2nica<br>DRaC e Servi\u00e7os Externos:<\/h2>\n\n\n\n<p><a href=\"http:\/\/www.culturacores.azores.gov.pt\/ficheiros\/legislacao\/202191011432.pdf\">Decreto Regulamentar Regional 21\/2021\/A de 31 de agosto \u2013 Primeira altera\u00e7\u00e3o ao Decreto Regulamentar Regional n.\u00ba 3\/2020\/A de 27 de janeiro<\/a><\/p>\n\n\n\n<p><a href=\"http:\/\/www.culturacores.azores.gov.pt\/ficheiros\/legislacao\/2021719114750.pdf\">Decreto Regulamentar Regional 16\/2021\/A de 7 de julho \u2013 Org\u00e2nica da SRCCTD\/DRaC<\/a><\/p>\n\n\n\n<h2 class=\"wp-block-heading\">Outra Legisla\u00e7\u00e3o<\/h2>\n\n\n\n<p><a href=\"https:\/\/files.dre.pt\/1s\/2016\/11\/22400\/0410004119.pdf\">Decreto Legislativo Regional n.\u00ba 25\/2016\/A &#8211; Aprova o Regime Jur\u00eddico dos Museus da Regi\u00e3o Aut\u00f3noma dos A\u00e7ores<\/a><\/p>\n\n\n\n<p><a href=\"https:\/\/jo.azores.gov.pt\/api\/public\/ato\/d5476e37-4b37-44ee-9075-4dd8722e4d43\/pdfOriginal\">Portaria n.\u00ba 26\/2016 de 11 de Mar\u00e7o de 2016 &#8211; Regulamento Geral dos Museus Regionais e de Ilha<\/a><\/p>","protected":false},"excerpt":{"rendered":"<p>Diretora Deolinda Est\u00eav\u00e3o T\u00e9cnicos Superiores Ana Mota Manuel Oliveira Assistente T\u00e9cnica Nicole Neves Assistentes Operacionais Andreia Sousa Marlene Xavier Patr\u00edcia Pacheco Org\u00e2nicaDRaC e Servi\u00e7os Externos: Decreto Regulamentar Regional 21\/2021\/A de [&hellip;]<\/p>\n","protected":false},"author":6,"featured_media":0,"parent":0,"menu_order":0,"comment_status":"closed","ping_status":"closed","template":"templates\/template-full-width.php","meta":{"footnotes":""},"class_list":["post-92","page","type-page","status-publish","hentry"],"_links":{"self":[{"href":"https:\/\/ecomuseu-corvo.cultura.azores.gov.pt\/en\/wp-json\/wp\/v2\/pages\/92","targetHints":{"allow":["GET"]}}],"collection":[{"href":"https:\/\/ecomuseu-corvo.cultura.azores.gov.pt\/en\/wp-json\/wp\/v2\/pages"}],"about":[{"href":"https:\/\/ecomuseu-corvo.cultura.azores.gov.pt\/en\/wp-json\/wp\/v2\/types\/page"}],"author":[{"embeddable":true,"href":"https:\/\/ecomuseu-corvo.cultura.azores.gov.pt\/en\/wp-json\/wp\/v2\/users\/6"}],"replies":[{"embeddable":true,"href":"https:\/\/ecomuseu-corvo.cultura.azores.gov.pt\/en\/wp-json\/wp\/v2\/comments?post=92"}],"version-history":[{"count":19,"href":"https:\/\/ecomuseu-corvo.cultura.azores.gov.pt\/en\/wp-json\/wp\/v2\/pages\/92\/revisions"}],"predecessor-version":[{"id":3356,"href":"https:\/\/ecomuseu-corvo.cultura.azores.gov.pt\/en\/wp-json\/wp\/v2\/pages\/92\/revisions\/3356"}],"wp:attachment":[{"href":"https:\/\/ecomuseu-corvo.cultura.azores.gov.pt\/en\/wp-json\/wp\/v2\/media?parent=92"}],"curies":[{"name":"wp","href":"https:\/\/api.w.org\/{rel}","templated":true}]}}

<div class="wp-block-columns is-layout-flex wp-container-core-columns-is-layout-9d6595d7 wp-block-columns-is-layout-flex">
<div class="wp-block-column is-layout-flow wp-block-column-is-layout-flow" style="flex-basis:100%">
<div class="wp-block-group"><div class="wp-block-group__inner-container is-layout-flow wp-block-group-is-layout-flow">
<div class="wp-block-columns is-layout-flex wp-container-core-columns-is-layout-9d6595d7 wp-block-columns-is-layout-flex">
<div class="wp-block-column is-layout-flow wp-block-column-is-layout-flow" style="flex-basis:33.33%">
<p><strong>Diretora</strong></p>



<p>Deolinda Estêvão</p>



<p><strong>Técnicos Superiores</strong></p>



<p>Ana Mota</p>



<p>Manuel Oliveira</p>



<p><strong>Assistente Técnica</strong></p>



<p>Nicole Neves</p>



<p><strong>Assistentes Operacionais</strong></p>



<p>Andreia Sousa</p>



<p>Marlene Xavier</p>



<p>Patrícia Pacheco</p>
</div>



<div class="wp-block-column is-layout-flow wp-block-column-is-layout-flow" style="flex-basis:66.66%">
<figure class="wp-block-image size-full"><img loading="lazy" decoding="async" width="500" height="500" src="https://ecomuseu-corvo.cultura.azores.gov.pt/wp-content/uploads/2022/03/network-gc2cc4e10d_1280-1.png" alt="" class="wp-image-868" srcset="https://ecomuseu-corvo.cultura.azores.gov.pt/wp-content/uploads/2022/03/network-gc2cc4e10d_1280-1.png 500w, https://ecomuseu-corvo.cultura.azores.gov.pt/wp-content/uploads/2022/03/network-gc2cc4e10d_1280-1-300x300.png 300w, https://ecomuseu-corvo.cultura.azores.gov.pt/wp-content/uploads/2022/03/network-gc2cc4e10d_1280-1-150x150.png 150w, https://ecomuseu-corvo.cultura.azores.gov.pt/wp-content/uploads/2022/03/network-gc2cc4e10d_1280-1-12x12.png 12w" sizes="auto, (max-width: 500px) 100vw, 500px" /></figure>
</div>
</div>
</div></div>
</div>
</div>



<h2 class="wp-block-heading">Orgânica<br>DRaC e Serviços Externos:</h2>



<p><a href="http://www.culturacores.azores.gov.pt/ficheiros/legislacao/202191011432.pdf">Decreto Regulamentar Regional 21/2021/A de 31 de agosto – Primeira alteração ao Decreto Regulamentar Regional n.º 3/2020/A de 27 de janeiro</a></p>



<p><a href="http://www.culturacores.azores.gov.pt/ficheiros/legislacao/2021719114750.pdf">Decreto Regulamentar Regional 16/2021/A de 7 de julho – Orgânica da SRCCTD/DRaC</a></p>



<h2 class="wp-block-heading">Outra Legislação</h2>



<p><a href="https://files.dre.pt/1s/2016/11/22400/0410004119.pdf">Decreto Legislativo Regional n.º 25/2016/A &#8211; Aprova o Regime Jurídico dos Museus da Região Autónoma dos Açores</a></p>



<p><a href="https://jo.azores.gov.pt/api/public/ato/d5476e37-4b37-44ee-9075-4dd8722e4d43/pdfOriginal">Portaria n.º 26/2016 de 11 de Março de 2016 &#8211; Regulamento Geral dos Museus Regionais e de Ilha</a></p>

<p>Diretora Deolinda Estêvão Técnicos Superiores Ana Mota Manuel Oliveira Assistente Técnica Nicole Neves Assistentes Operacionais Andreia Sousa Marlene Xavier Patrícia Pacheco OrgânicaDRaC e Serviços Externos: Decreto Regulamentar Regional 21/2021/A de [&hellip;]</p>
