{"id":86,"date":"2021-07-23T10:50:39","date_gmt":"2021-07-23T10:50:39","guid":{"rendered":"https:\/\/ecomuseu-corvo.cultura.azores.gov.pt\/?page_id=86"},"modified":"2022-09-28T21:59:58","modified_gmt":"2022-09-28T21:59:58","slug":"explore","status":"publish","type":"page","link":"https:\/\/ecomuseu-corvo.cultura.azores.gov.pt\/en\/explore\/","title":{"rendered":"Explore"},"content":{"rendered":"<figure class=\"wp-block-image size-large\"><img loading=\"lazy\" decoding=\"async\" width=\"1024\" height=\"397\" src=\"https:\/\/ecomuseu-corvo.cultura.azores.gov.pt\/wp-content\/uploads\/2022\/09\/caldeirao-1024x397.jpg\" alt=\"\" class=\"wp-image-2067\" srcset=\"https:\/\/ecomuseu-corvo.cultura.azores.gov.pt\/wp-content\/uploads\/2022\/09\/caldeirao-1024x397.jpg 1024w, https:\/\/ecomuseu-corvo.cultura.azores.gov.pt\/wp-content\/uploads\/2022\/09\/caldeirao-300x116.jpg 300w, https:\/\/ecomuseu-corvo.cultura.azores.gov.pt\/wp-content\/uploads\/2022\/09\/caldeirao-768x297.jpg 768w, https:\/\/ecomuseu-corvo.cultura.azores.gov.pt\/wp-content\/uploads\/2022\/09\/caldeirao-1536x595.jpg 1536w, https:\/\/ecomuseu-corvo.cultura.azores.gov.pt\/wp-content\/uploads\/2022\/09\/caldeirao-18x7.jpg 18w, https:\/\/ecomuseu-corvo.cultura.azores.gov.pt\/wp-content\/uploads\/2022\/09\/caldeirao-1200x465.jpg 1200w, https:\/\/ecomuseu-corvo.cultura.azores.gov.pt\/wp-content\/uploads\/2022\/09\/caldeirao.jpg 1650w\" sizes=\"auto, (max-width: 1024px) 100vw, 1024px\" \/><figcaption>Caldeir\u00e3o do Corvo- Foto Richard Kalocsi<\/figcaption><\/figure>\n\n\n\n<p>Pretende-se dar a conhecer e explorar o patrim\u00f3nio  da ilha do Corvo, numa perspetiva hol\u00edstica, e que este seja transmitido de gera\u00e7\u00e3o em gera\u00e7\u00e3o e constantemente recriado pelas comunidades e pelos grupos em fun\u00e7\u00e3o do seu ambiente, da sua intera\u00e7\u00e3o com a natureza e da sua Hist\u00f3ria, gerando um sentimento de identidade e de continuidade, contribuindo, assim, para promover o respeito pela diversidade cultural e pela criatividade humana.<\/p>\n\n\n\n<p><strong>O\u00a0Patrim\u00f3nio Cultural\u00a0deve ser valorizado por todos e a sua prote\u00e7\u00e3o deve ser pensada por todos, principalmente pelos que det\u00eam o conhecimento.<\/strong> Da\u00ed a grande import\u00e2ncia do envolvimento da comunidade que <strong>s\u00e3o os portadores da mem\u00f3ria coletiva e da identidade cultural.<\/strong><\/p>\n\n\n\n<p><\/p>\n\n\n\n<p><\/p>","protected":false},"excerpt":{"rendered":"<p>Pretende-se dar a conhecer e explorar o patrim\u00f3nio da ilha do Corvo, numa perspetiva hol\u00edstica, e que este seja transmitido de gera\u00e7\u00e3o em gera\u00e7\u00e3o e constantemente recriado pelas comunidades e [&hellip;]<\/p>\n","protected":false},"author":6,"featured_media":0,"parent":0,"menu_order":0,"comment_status":"closed","ping_status":"closed","template":"templates\/template-full-width.php","meta":{"footnotes":""},"class_list":["post-86","page","type-page","status-publish","hentry"],"_links":{"self":[{"href":"https:\/\/ecomuseu-corvo.cultura.azores.gov.pt\/en\/wp-json\/wp\/v2\/pages\/86","targetHints":{"allow":["GET"]}}],"collection":[{"href":"https:\/\/ecomuseu-corvo.cultura.azores.gov.pt\/en\/wp-json\/wp\/v2\/pages"}],"about":[{"href":"https:\/\/ecomuseu-corvo.cultura.azores.gov.pt\/en\/wp-json\/wp\/v2\/types\/page"}],"author":[{"embeddable":true,"href":"https:\/\/ecomuseu-corvo.cultura.azores.gov.pt\/en\/wp-json\/wp\/v2\/users\/6"}],"replies":[{"embeddable":true,"href":"https:\/\/ecomuseu-corvo.cultura.azores.gov.pt\/en\/wp-json\/wp\/v2\/comments?post=86"}],"version-history":[{"count":6,"href":"https:\/\/ecomuseu-corvo.cultura.azores.gov.pt\/en\/wp-json\/wp\/v2\/pages\/86\/revisions"}],"predecessor-version":[{"id":2072,"href":"https:\/\/ecomuseu-corvo.cultura.azores.gov.pt\/en\/wp-json\/wp\/v2\/pages\/86\/revisions\/2072"}],"wp:attachment":[{"href":"https:\/\/ecomuseu-corvo.cultura.azores.gov.pt\/en\/wp-json\/wp\/v2\/media?parent=86"}],"curies":[{"name":"wp","href":"https:\/\/api.w.org\/{rel}","templated":true}]}}

<figure class="wp-block-image size-large"><img loading="lazy" decoding="async" width="1024" height="397" src="https://ecomuseu-corvo.cultura.azores.gov.pt/wp-content/uploads/2022/09/caldeirao-1024x397.jpg" alt="" class="wp-image-2067" srcset="https://ecomuseu-corvo.cultura.azores.gov.pt/wp-content/uploads/2022/09/caldeirao-1024x397.jpg 1024w, https://ecomuseu-corvo.cultura.azores.gov.pt/wp-content/uploads/2022/09/caldeirao-300x116.jpg 300w, https://ecomuseu-corvo.cultura.azores.gov.pt/wp-content/uploads/2022/09/caldeirao-768x297.jpg 768w, https://ecomuseu-corvo.cultura.azores.gov.pt/wp-content/uploads/2022/09/caldeirao-1536x595.jpg 1536w, https://ecomuseu-corvo.cultura.azores.gov.pt/wp-content/uploads/2022/09/caldeirao-18x7.jpg 18w, https://ecomuseu-corvo.cultura.azores.gov.pt/wp-content/uploads/2022/09/caldeirao-1200x465.jpg 1200w, https://ecomuseu-corvo.cultura.azores.gov.pt/wp-content/uploads/2022/09/caldeirao.jpg 1650w" sizes="auto, (max-width: 1024px) 100vw, 1024px" /><figcaption>Caldeirão do Corvo- Foto Richard Kalocsi</figcaption></figure>



<p>Pretende-se dar a conhecer e explorar o património  da ilha do Corvo, numa perspetiva holística, e que este seja transmitido de geração em geração e constantemente recriado pelas comunidades e pelos grupos em função do seu ambiente, da sua interação com a natureza e da sua História, gerando um sentimento de identidade e de continuidade, contribuindo, assim, para promover o respeito pela diversidade cultural e pela criatividade humana.</p>



<p><strong>O Património Cultural deve ser valorizado por todos e a sua proteção deve ser pensada por todos, principalmente pelos que detêm o conhecimento.</strong> Daí a grande importância do envolvimento da comunidade que <strong>são os portadores da memória coletiva e da identidade cultural.</strong></p>



<p></p>



<p></p>

<p>Pretende-se dar a conhecer e explorar o património da ilha do Corvo, numa perspetiva holística, e que este seja transmitido de geração em geração e constantemente recriado pelas comunidades e [&hellip;]</p>
